Last updated on 2022-08-15 08:49:55 CEST.
Flavor | Version | Tinstall | Tcheck | Ttotal | Status | Flags |
---|---|---|---|---|---|---|
r-devel-linux-x86_64-debian-clang | 1.0.0 | 4.83 | 79.31 | 84.14 | NOTE | |
r-devel-linux-x86_64-debian-gcc | 1.0.0 | 4.38 | 59.08 | 63.46 | NOTE | |
r-devel-linux-x86_64-fedora-clang | 1.0.0 | 111.84 | NOTE | |||
r-devel-linux-x86_64-fedora-gcc | 1.0.0 | 113.06 | NOTE | |||
r-devel-windows-x86_64 | 1.0.0 | 19.00 | 132.00 | 151.00 | NOTE | |
r-patched-linux-x86_64 | 1.0.0 | 5.55 | 74.92 | 80.47 | NOTE | |
r-release-linux-x86_64 | 1.0.0 | 3.89 | 74.59 | 78.48 | NOTE | |
r-release-macos-arm64 | 1.0.0 | 52.00 | NOTE | |||
r-release-macos-x86_64 | 1.0.0 | 51.00 | NOTE | |||
r-release-windows-x86_64 | 1.0.0 | 8.00 | 133.00 | 141.00 | NOTE | |
r-oldrel-macos-arm64 | 1.0.0 | 38.00 | NOTE | |||
r-oldrel-macos-x86_64 | 1.0.0 | 55.00 | NOTE | |||
r-oldrel-windows-ix86+x86_64 | 1.0.0 | 10.00 | 141.00 | 151.00 | NOTE |
Version: 1.0.0
Check: LazyData
Result: NOTE
'LazyData' is specified without a 'data' directory
Flavors: r-devel-linux-x86_64-debian-clang, r-devel-linux-x86_64-debian-gcc, r-devel-linux-x86_64-fedora-clang, r-devel-linux-x86_64-fedora-gcc, r-devel-windows-x86_64, r-patched-linux-x86_64, r-release-linux-x86_64, r-release-macos-arm64, r-release-macos-x86_64, r-release-windows-x86_64, r-oldrel-macos-arm64, r-oldrel-macos-x86_64, r-oldrel-windows-ix86+x86_64