Last updated on 2022-08-15 08:49:55 CEST.
Flavor | Version | Tinstall | Tcheck | Ttotal | Status | Flags |
---|---|---|---|---|---|---|
r-devel-linux-x86_64-debian-clang | 1.5-3 | 120.34 | 39.23 | 159.57 | OK | |
r-devel-linux-x86_64-debian-gcc | 1.5-3 | 100.84 | 32.30 | 133.14 | OK | |
r-devel-linux-x86_64-fedora-clang | 1.5-3 | 237.82 | OK | |||
r-devel-linux-x86_64-fedora-gcc | 1.5-3 | 232.08 | OK | |||
r-devel-windows-x86_64 | 1.5-3 | 93.00 | 83.00 | 176.00 | OK | |
r-patched-linux-x86_64 | 1.5-3 | 108.73 | 36.74 | 145.47 | OK | |
r-release-linux-x86_64 | 1.5-3 | 100.82 | 37.22 | 138.04 | OK | |
r-release-macos-arm64 | 1.5-3 | 47.00 | OK | |||
r-release-macos-x86_64 | 1.5-3 | 64.00 | OK | |||
r-release-windows-x86_64 | 1.5-3 | 97.00 | 88.00 | 185.00 | OK | |
r-oldrel-macos-arm64 | 1.5-3 | 51.00 | NOTE | |||
r-oldrel-macos-x86_64 | 1.5-3 | 100.00 | OK | |||
r-oldrel-windows-ix86+x86_64 | 1.5-3 | 291.00 | 83.00 | 374.00 | OK |
Version: 1.5-3
Check: installed package size
Result: NOTE
installed size is 5.5Mb
sub-directories of 1Mb or more:
libs 5.2Mb
Flavor: r-oldrel-macos-arm64