Last updated on 2022-08-15 08:49:55 CEST.
Flavor | Version | Tinstall | Tcheck | Ttotal | Status | Flags |
---|---|---|---|---|---|---|
r-devel-linux-x86_64-debian-clang | 0.9.9-11 | 15.69 | 125.69 | 141.38 | OK | |
r-devel-linux-x86_64-debian-gcc | 0.9.9-11 | 13.76 | 97.29 | 111.05 | OK | |
r-devel-linux-x86_64-fedora-clang | 0.9.9-11 | 185.11 | NOTE | |||
r-devel-linux-x86_64-fedora-gcc | 0.9.9-11 | 193.15 | OK | |||
r-devel-windows-x86_64 | 0.9.9-11 | 27.00 | 177.00 | 204.00 | OK | |
r-patched-linux-x86_64 | 0.9.9-11 | 15.32 | 121.71 | 137.03 | OK | |
r-release-linux-x86_64 | 0.9.9-11 | 13.85 | 123.81 | 137.66 | OK | |
r-release-macos-arm64 | 0.9.9-11 | 52.00 | OK | |||
r-release-macos-x86_64 | 0.9.9-11 | 94.00 | OK | |||
r-release-windows-x86_64 | 0.9.9-11 | 33.00 | 171.00 | 204.00 | OK | |
r-oldrel-macos-arm64 | 0.9.9-11 | 66.00 | OK | |||
r-oldrel-macos-x86_64 | 0.9.9-11 | 106.00 | OK | |||
r-oldrel-windows-ix86+x86_64 | 0.9.9-11 | 31.00 | 156.00 | 187.00 | OK |
Version: 0.9.9-11
Check: installed package size
Result: NOTE
installed size is 5.0Mb
sub-directories of 1Mb or more:
data 4.3Mb
Flavor: r-devel-linux-x86_64-fedora-clang