Last updated on 2022-08-15 08:49:55 CEST.
Flavor | Version | Tinstall | Tcheck | Ttotal | Status | Flags |
---|---|---|---|---|---|---|
r-devel-linux-x86_64-debian-clang | 5.3.1 | 23.73 | 97.48 | 121.21 | OK | |
r-devel-linux-x86_64-debian-gcc | 5.3.1 | 18.10 | 71.83 | 89.93 | OK | |
r-devel-linux-x86_64-fedora-clang | 5.3.1 | 150.22 | NOTE | |||
r-devel-linux-x86_64-fedora-gcc | 5.3.1 | 156.92 | OK | |||
r-devel-windows-x86_64 | 5.3.1 | 84.00 | 118.00 | 202.00 | OK | |
r-patched-linux-x86_64 | 5.3.1 | 17.69 | 93.17 | 110.86 | OK | |
r-release-linux-x86_64 | 5.3.1 | 19.54 | 89.84 | 109.38 | OK | |
r-release-macos-arm64 | 5.3.1 | 38.00 | OK | |||
r-release-macos-x86_64 | 5.3.1 | 50.00 | OK | |||
r-release-windows-x86_64 | 5.3.1 | 108.00 | 111.00 | 219.00 | OK | |
r-oldrel-macos-arm64 | 5.3.1 | 48.00 | OK | |||
r-oldrel-macos-x86_64 | 5.3.1 | 53.00 | OK | |||
r-oldrel-windows-ix86+x86_64 | 5.3.1 | 38.00 | 140.00 | 178.00 | OK |
Version: 5.3.1
Check: Rd cross-references
Result: NOTE
Undeclared package ‘leaps’ in Rd xrefs
Flavor: r-devel-linux-x86_64-fedora-clang