Last updated on 2022-08-15 08:49:55 CEST.
Flavor | Version | Tinstall | Tcheck | Ttotal | Status | Flags |
---|---|---|---|---|---|---|
r-devel-linux-x86_64-debian-clang | 1.0 | 45.47 | 385.78 | 431.25 | OK | |
r-devel-linux-x86_64-debian-gcc | 1.0 | 37.79 | 289.26 | 327.05 | OK | |
r-devel-linux-x86_64-fedora-clang | 1.0 | 539.94 | NOTE | |||
r-devel-linux-x86_64-fedora-gcc | 1.0 | 546.40 | NOTE | |||
r-devel-windows-x86_64 | 1.0 | 67.00 | 7.00 | 74.00 | ERROR | |
r-patched-linux-x86_64 | 1.0 | 42.79 | 366.44 | 409.23 | OK | |
r-release-linux-x86_64 | 1.0 | 38.19 | 378.38 | 416.57 | OK | |
r-release-macos-arm64 | 1.0 | 5.00 | ERROR | |||
r-release-macos-x86_64 | 1.0 | 8.00 | ERROR | |||
r-release-windows-x86_64 | 1.0 | 73.00 | 954.00 | 1027.00 | OK | |
r-oldrel-macos-arm64 | 1.0 | 9.00 | ERROR | |||
r-oldrel-macos-x86_64 | 1.0 | 11.00 | ERROR | |||
r-oldrel-windows-ix86+x86_64 | 1.0 | 94.00 | 408.00 | 502.00 | OK |
Version: 1.0
Check: dependencies in R code
Result: NOTE
Namespaces in Imports field not imported from:
‘R.utils’ ‘stringi’
All declared Imports should be used.
Flavors: r-devel-linux-x86_64-fedora-clang, r-devel-linux-x86_64-fedora-gcc
Version: 1.0
Check: whether package can be installed
Result: ERROR
Installation failed.
Flavor: r-devel-windows-x86_64
Version: 1.0
Check: package dependencies
Result: ERROR
Package required but not available: ‘diffcoexp’
See section ‘The DESCRIPTION file’ in the ‘Writing R Extensions’
manual.
Flavors: r-release-macos-arm64, r-release-macos-x86_64, r-oldrel-macos-arm64, r-oldrel-macos-x86_64