Last updated on 2022-08-15 08:49:55 CEST.
Flavor | Version | Tinstall | Tcheck | Ttotal | Status | Flags |
---|---|---|---|---|---|---|
r-devel-linux-x86_64-debian-clang | 0.4.4 | 26.78 | 49.23 | 76.01 | NOTE | |
r-devel-linux-x86_64-debian-gcc | 0.4.4 | 23.08 | 37.23 | 60.31 | NOTE | |
r-devel-linux-x86_64-fedora-clang | 0.4.4 | 115.74 | NOTE | |||
r-devel-linux-x86_64-fedora-gcc | 0.4.4 | 117.33 | NOTE | |||
r-devel-windows-x86_64 | 0.4.4 | 67.00 | 104.00 | 171.00 | NOTE | |
r-patched-linux-x86_64 | 0.4.4 | 26.75 | 46.91 | 73.66 | NOTE | |
r-release-linux-x86_64 | 0.4.4 | 23.76 | 47.15 | 70.91 | NOTE | |
r-release-macos-arm64 | 0.4.4 | 32.00 | NOTE | |||
r-release-macos-x86_64 | 0.4.4 | 41.00 | NOTE | |||
r-release-windows-x86_64 | 0.4.4 | 92.00 | 98.00 | 190.00 | NOTE | |
r-oldrel-macos-arm64 | 0.4.4 | 36.00 | NOTE | |||
r-oldrel-macos-x86_64 | 0.4.4 | 57.00 | NOTE | |||
r-oldrel-windows-ix86+x86_64 | 0.4.4 | 73.00 | 113.00 | 186.00 | NOTE |
Version: 0.4.4
Check: LazyData
Result: NOTE
'LazyData' is specified without a 'data' directory
Flavors: r-devel-linux-x86_64-debian-clang, r-devel-linux-x86_64-debian-gcc, r-devel-linux-x86_64-fedora-clang, r-devel-linux-x86_64-fedora-gcc, r-devel-windows-x86_64, r-patched-linux-x86_64, r-release-linux-x86_64, r-release-macos-arm64, r-release-macos-x86_64, r-release-windows-x86_64, r-oldrel-macos-arm64, r-oldrel-macos-x86_64, r-oldrel-windows-ix86+x86_64