Last updated on 2022-08-15 08:49:55 CEST.
Flavor | Version | Tinstall | Tcheck | Ttotal | Status | Flags |
---|---|---|---|---|---|---|
r-devel-linux-x86_64-debian-clang | 0.3.1 | 19.12 | 293.58 | 312.70 | NOTE | |
r-devel-linux-x86_64-debian-gcc | 0.3.1 | 14.49 | 219.25 | 233.74 | NOTE | |
r-devel-linux-x86_64-fedora-clang | 0.3.1 | 376.74 | NOTE | |||
r-devel-linux-x86_64-fedora-gcc | 0.3.1 | 407.26 | NOTE | |||
r-devel-windows-x86_64 | 0.3.1 | 72.00 | 323.00 | 395.00 | NOTE | |
r-patched-linux-x86_64 | 0.3.1 | 12.76 | 274.84 | 287.60 | OK | |
r-release-linux-x86_64 | 0.3.1 | 11.86 | 276.42 | 288.28 | OK | |
r-release-macos-arm64 | 0.3.1 | 100.00 | OK | |||
r-release-macos-x86_64 | 0.3.1 | 129.00 | OK | |||
r-release-windows-x86_64 | 0.3.1 | 51.00 | 315.00 | 366.00 | OK | |
r-oldrel-macos-arm64 | 0.3.1 | 89.00 | OK | |||
r-oldrel-macos-x86_64 | 0.3.1 | 121.00 | OK | |||
r-oldrel-windows-ix86+x86_64 | 0.3.1 | 37.00 | 323.00 | 360.00 | OK |
Version: 0.3.1
Check: package subdirectories
Result: NOTE
Problems with news in 'NEWS.md':
Cannot extract version info from the following section titles:
20181118
Flavors: r-devel-linux-x86_64-debian-clang, r-devel-linux-x86_64-debian-gcc, r-devel-linux-x86_64-fedora-clang, r-devel-linux-x86_64-fedora-gcc, r-devel-windows-x86_64