Last updated on 2022-08-15 08:49:55 CEST.
Flavor | Version | Tinstall | Tcheck | Ttotal | Status | Flags |
---|---|---|---|---|---|---|
r-devel-linux-x86_64-debian-clang | 0.1.0 | 7.97 | 65.73 | 73.70 | NOTE | |
r-devel-linux-x86_64-debian-gcc | 0.1.0 | 6.40 | 49.31 | 55.71 | NOTE | |
r-devel-linux-x86_64-fedora-clang | 0.1.0 | 100.40 | NOTE | |||
r-devel-linux-x86_64-fedora-gcc | 0.1.0 | 105.49 | NOTE | |||
r-devel-windows-x86_64 | 0.1.0 | 31.00 | 103.00 | 134.00 | NOTE | |
r-patched-linux-x86_64 | 0.1.0 | 7.79 | 62.83 | 70.62 | NOTE | |
r-release-linux-x86_64 | 0.1.0 | 7.24 | 63.47 | 70.71 | NOTE | |
r-release-macos-arm64 | 0.1.0 | 25.00 | NOTE | |||
r-release-macos-x86_64 | 0.1.0 | 45.00 | NOTE | |||
r-release-windows-x86_64 | 0.1.0 | 29.00 | 98.00 | 127.00 | NOTE | |
r-oldrel-macos-arm64 | 0.1.0 | 28.00 | NOTE | |||
r-oldrel-macos-x86_64 | 0.1.0 | 44.00 | NOTE | |||
r-oldrel-windows-ix86+x86_64 | 0.1.0 | 21.00 | 110.00 | 131.00 | NOTE |
Version: 0.1.0
Check: LazyData
Result: NOTE
'LazyData' is specified without a 'data' directory
Flavors: r-devel-linux-x86_64-debian-clang, r-devel-linux-x86_64-debian-gcc, r-devel-linux-x86_64-fedora-clang, r-devel-linux-x86_64-fedora-gcc, r-devel-windows-x86_64, r-patched-linux-x86_64, r-release-linux-x86_64, r-release-macos-arm64, r-release-macos-x86_64, r-release-windows-x86_64, r-oldrel-macos-arm64, r-oldrel-macos-x86_64, r-oldrel-windows-ix86+x86_64