Last updated on 2022-08-15 08:49:55 CEST.
Flavor | Version | Tinstall | Tcheck | Ttotal | Status | Flags |
---|---|---|---|---|---|---|
r-devel-linux-x86_64-debian-clang | 1.0.0 | 3.24 | 58.01 | 61.25 | NOTE | |
r-devel-linux-x86_64-debian-gcc | 1.0.0 | 3.45 | 44.48 | 47.93 | NOTE | |
r-devel-linux-x86_64-fedora-clang | 1.0.0 | 86.03 | NOTE | |||
r-devel-linux-x86_64-fedora-gcc | 1.0.0 | 94.43 | NOTE | |||
r-devel-windows-x86_64 | 1.0.0 | 36.00 | 111.00 | 147.00 | NOTE | |
r-patched-linux-x86_64 | 1.0.0 | 3.45 | 54.13 | 57.58 | NOTE | |
r-release-linux-x86_64 | 1.0.0 | 4.09 | 55.48 | 59.57 | NOTE | |
r-release-macos-arm64 | 1.0.0 | 38.00 | NOTE | |||
r-release-macos-x86_64 | 1.0.0 | 50.00 | NOTE | |||
r-release-windows-x86_64 | 1.0.0 | 39.00 | 107.00 | 146.00 | NOTE | |
r-oldrel-macos-arm64 | 1.0.0 | 42.00 | NOTE | |||
r-oldrel-macos-x86_64 | 1.0.0 | 47.00 | NOTE | |||
r-oldrel-windows-ix86+x86_64 | 1.0.0 | 8.00 | 119.00 | 127.00 | NOTE |
Version: 1.0.0
Check: package dependencies
Result: NOTE
Package which this enhances but not available for checking: 'gurobi'
Flavors: r-devel-linux-x86_64-debian-clang, r-devel-linux-x86_64-debian-gcc, r-devel-linux-x86_64-fedora-clang, r-devel-linux-x86_64-fedora-gcc, r-devel-windows-x86_64, r-patched-linux-x86_64, r-release-linux-x86_64, r-release-macos-arm64, r-release-macos-x86_64, r-release-windows-x86_64, r-oldrel-macos-x86_64, r-oldrel-windows-ix86+x86_64
Version: 1.0.0
Check: dependencies in R code
Result: NOTE
Namespace in Imports field not imported from: ‘mathjaxr’
All declared Imports should be used.
Flavors: r-devel-linux-x86_64-fedora-clang, r-devel-linux-x86_64-fedora-gcc, r-release-macos-arm64, r-release-macos-x86_64, r-oldrel-macos-arm64, r-oldrel-macos-x86_64
Version: 1.0.0
Check: package dependencies
Result: NOTE
Package suggested but not available for checking: ‘Rsymphony’
Package which this enhances but not available for checking: ‘gurobi’
Flavor: r-oldrel-macos-arm64