Last updated on 2022-08-15 08:49:55 CEST.
Flavor | Version | Tinstall | Tcheck | Ttotal | Status | Flags |
---|---|---|---|---|---|---|
r-devel-linux-x86_64-debian-clang | 0.5.0 | 2.73 | 29.07 | 31.80 | OK | |
r-devel-linux-x86_64-debian-gcc | 0.5.0 | 1.94 | 22.61 | 24.55 | OK | |
r-devel-linux-x86_64-fedora-clang | 0.5.0 | 49.51 | NOTE | |||
r-devel-linux-x86_64-fedora-gcc | 0.5.0 | 50.22 | NOTE | |||
r-devel-windows-x86_64 | 0.5.0 | 10.00 | 66.00 | 76.00 | OK | |
r-patched-linux-x86_64 | 0.5.0 | 2.03 | 28.32 | 30.35 | OK | |
r-release-linux-x86_64 | 0.5.0 | 1.58 | 28.42 | 30.00 | OK | |
r-release-macos-arm64 | 0.5.0 | 18.00 | NOTE | |||
r-release-macos-x86_64 | 0.5.0 | 24.00 | NOTE | |||
r-release-windows-x86_64 | 0.5.0 | 14.00 | 54.00 | 68.00 | OK | |
r-oldrel-macos-arm64 | 0.5.0 | 16.00 | NOTE | |||
r-oldrel-macos-x86_64 | 0.5.0 | 24.00 | NOTE | |||
r-oldrel-windows-ix86+x86_64 | 0.5.0 | 6.00 | 69.00 | 75.00 | OK |
Version: 0.5.0
Check: dependencies in R code
Result: NOTE
Namespace in Imports field not imported from: ‘RSQLite’
All declared Imports should be used.
Flavors: r-devel-linux-x86_64-fedora-clang, r-devel-linux-x86_64-fedora-gcc, r-release-macos-arm64, r-release-macos-x86_64, r-oldrel-macos-arm64, r-oldrel-macos-x86_64