Last updated on 2022-08-15 08:49:55 CEST.
Flavor | Version | Tinstall | Tcheck | Ttotal | Status | Flags |
---|---|---|---|---|---|---|
r-devel-linux-x86_64-debian-clang | 0.20.0 | 11.38 | 138.67 | 150.05 | NOTE | |
r-devel-linux-x86_64-debian-gcc | 0.20.0 | 7.44 | 98.70 | 106.14 | NOTE | |
r-devel-linux-x86_64-fedora-clang | 0.20.0 | 179.61 | NOTE | |||
r-devel-linux-x86_64-fedora-gcc | 0.20.0 | 173.90 | NOTE | |||
r-devel-windows-x86_64 | 0.20.0 | 94.00 | 189.00 | 283.00 | NOTE | |
r-patched-linux-x86_64 | 0.20.0 | 6.93 | 124.27 | 131.20 | OK | |
r-release-linux-x86_64 | 0.20.0 | 5.87 | 124.25 | 130.12 | OK | |
r-release-macos-arm64 | 0.20.0 | 52.00 | OK | |||
r-release-macos-x86_64 | 0.20.0 | 70.00 | OK | |||
r-release-windows-x86_64 | 0.20.0 | 71.00 | 182.00 | 253.00 | OK | |
r-oldrel-macos-arm64 | 0.20.0 | 49.00 | OK | |||
r-oldrel-macos-x86_64 | 0.20.0 | 81.00 | OK | |||
r-oldrel-windows-ix86+x86_64 | 0.20.0 | 17.00 | 204.00 | 221.00 | OK |
Version: 0.20.0
Check: package subdirectories
Result: NOTE
Problems with news in 'NEWS.md':
Cannot extract version info from the following section titles:
breaking changes
major changes
minor changes
Internal
Flavors: r-devel-linux-x86_64-debian-clang, r-devel-linux-x86_64-debian-gcc, r-devel-linux-x86_64-fedora-clang, r-devel-linux-x86_64-fedora-gcc, r-devel-windows-x86_64