Last updated on 2022-08-15 08:49:55 CEST.
Flavor | Version | Tinstall | Tcheck | Ttotal | Status | Flags |
---|---|---|---|---|---|---|
r-devel-linux-x86_64-debian-clang | 0.1.0 | 7.33 | 198.98 | 206.31 | OK | |
r-devel-linux-x86_64-debian-gcc | 0.1.0 | 6.46 | 127.97 | 134.43 | OK | |
r-devel-linux-x86_64-fedora-clang | 0.1.0 | 256.33 | NOTE | |||
r-devel-linux-x86_64-fedora-gcc | 0.1.0 | 256.89 | NOTE | |||
r-devel-windows-x86_64 | 0.1.0 | 18.00 | 262.00 | 280.00 | OK | |
r-patched-linux-x86_64 | 0.1.0 | 5.17 | 189.16 | 194.33 | OK | |
r-release-linux-x86_64 | 0.1.0 | 4.74 | 188.37 | 193.11 | OK | |
r-release-macos-arm64 | 0.1.0 | 88.00 | NOTE | |||
r-release-macos-x86_64 | 0.1.0 | 176.00 | NOTE | |||
r-release-windows-x86_64 | 0.1.0 | 17.00 | 274.00 | 291.00 | OK | |
r-oldrel-macos-arm64 | 0.1.0 | 112.00 | NOTE | |||
r-oldrel-macos-x86_64 | 0.1.0 | 127.00 | NOTE | |||
r-oldrel-windows-ix86+x86_64 | 0.1.0 | 17.00 | 266.00 | 283.00 | OK |
Version: 0.1.0
Check: dependencies in R code
Result: NOTE
Namespace in Imports field not imported from: ‘pander’
All declared Imports should be used.
Flavors: r-devel-linux-x86_64-fedora-clang, r-devel-linux-x86_64-fedora-gcc, r-release-macos-arm64, r-release-macos-x86_64, r-oldrel-macos-arm64, r-oldrel-macos-x86_64