Last updated on 2022-08-15 08:49:55 CEST.
Flavor | Version | Tinstall | Tcheck | Ttotal | Status | Flags |
---|---|---|---|---|---|---|
r-devel-linux-x86_64-debian-clang | 1.1.10 | 12.54 | 591.66 | 604.20 | NOTE | |
r-devel-linux-x86_64-debian-gcc | 1.1.10 | 10.86 | 418.35 | 429.21 | NOTE | |
r-devel-linux-x86_64-fedora-clang | 1.1.10 | 675.07 | NOTE | |||
r-devel-linux-x86_64-fedora-gcc | 1.1.10 | 720.78 | NOTE | |||
r-devel-windows-x86_64 | 1.1.10 | 70.00 | 608.00 | 678.00 | NOTE | |
r-patched-linux-x86_64 | 1.1.10 | 13.34 | 536.72 | 550.06 | NOTE | |
r-release-linux-x86_64 | 1.1.10 | 12.30 | 538.42 | 550.72 | NOTE | |
r-release-macos-arm64 | 1.1.10 | 222.00 | NOTE | |||
r-release-macos-x86_64 | 1.1.10 | 260.00 | NOTE | |||
r-release-windows-x86_64 | 1.1.10 | 38.00 | 630.00 | 668.00 | NOTE | |
r-oldrel-macos-arm64 | 1.1.10 | 217.00 | NOTE | |||
r-oldrel-macos-x86_64 | 1.1.10 | 282.00 | NOTE | |||
r-oldrel-windows-ix86+x86_64 | 1.1.10 | 27.00 | 673.00 | 700.00 | NOTE |
Version: 1.1.10
Check: package dependencies
Result: NOTE
Package suggested but not available for checking: 'ecomix'
Flavors: r-devel-linux-x86_64-debian-clang, r-devel-linux-x86_64-debian-gcc, r-devel-linux-x86_64-fedora-clang, r-devel-linux-x86_64-fedora-gcc, r-devel-windows-x86_64, r-patched-linux-x86_64, r-release-linux-x86_64, r-release-macos-arm64, r-release-macos-x86_64, r-release-windows-x86_64, r-oldrel-macos-arm64, r-oldrel-macos-x86_64, r-oldrel-windows-ix86+x86_64