Last updated on 2022-08-15 08:49:55 CEST.
Flavor | Version | Tinstall | Tcheck | Ttotal | Status | Flags |
---|---|---|---|---|---|---|
r-devel-linux-x86_64-debian-clang | 1.2.9 | 19.08 | 90.28 | 109.36 | OK | |
r-devel-linux-x86_64-debian-gcc | 1.2.9 | 12.58 | 64.20 | 76.78 | OK | |
r-devel-linux-x86_64-fedora-clang | 1.2.9 | 135.14 | NOTE | |||
r-devel-linux-x86_64-fedora-gcc | 1.2.9 | 132.22 | NOTE | |||
r-devel-windows-x86_64 | 1.2.9 | 52.00 | 104.00 | 156.00 | OK | |
r-patched-linux-x86_64 | 1.2.9 | 15.84 | 84.99 | 100.83 | OK | |
r-release-linux-x86_64 | 1.2.9 | 13.70 | 85.01 | 98.71 | OK | |
r-release-macos-arm64 | 1.2.9 | 29.00 | NOTE | |||
r-release-macos-x86_64 | 1.2.9 | 47.00 | NOTE | |||
r-release-windows-x86_64 | 1.2.9 | 34.00 | 101.00 | 135.00 | OK | |
r-oldrel-macos-arm64 | 1.2.9 | 32.00 | NOTE | |||
r-oldrel-macos-x86_64 | 1.2.9 | 47.00 | NOTE | |||
r-oldrel-windows-ix86+x86_64 | 1.2.9 | 26.00 | 93.00 | 119.00 | OK |
Version: 1.2.9
Check: data for non-ASCII characters
Result: NOTE
Note: found 5 marked UTF-8 strings
Flavors: r-devel-linux-x86_64-fedora-clang, r-devel-linux-x86_64-fedora-gcc, r-release-macos-arm64, r-release-macos-x86_64, r-oldrel-macos-arm64, r-oldrel-macos-x86_64