Last updated on 2022-08-15 08:49:55 CEST.
Flavor | Version | Tinstall | Tcheck | Ttotal | Status | Flags |
---|---|---|---|---|---|---|
r-devel-linux-x86_64-debian-clang | 1.2.1 | 4.17 | 52.49 | 56.66 | NOTE | |
r-devel-linux-x86_64-debian-gcc | 1.2.1 | 3.86 | 39.52 | 43.38 | NOTE | |
r-devel-linux-x86_64-fedora-clang | 1.2.1 | 78.64 | NOTE | |||
r-devel-linux-x86_64-fedora-gcc | 1.2.1 | 76.14 | NOTE | |||
r-devel-windows-x86_64 | 1.2.1 | 75.00 | 86.00 | 161.00 | NOTE | |
r-patched-linux-x86_64 | 1.2.1 | 3.88 | 51.41 | 55.29 | NOTE | |
r-release-linux-x86_64 | 1.2.1 | 4.91 | 51.23 | 56.14 | NOTE | |
r-release-macos-arm64 | 1.2.1 | 22.00 | NOTE | |||
r-release-macos-x86_64 | 1.2.1 | 34.00 | NOTE | |||
r-release-windows-x86_64 | 1.2.1 | 85.00 | 81.00 | 166.00 | NOTE | |
r-oldrel-macos-arm64 | 1.2.1 | 26.00 | NOTE | |||
r-oldrel-macos-x86_64 | 1.2.1 | 43.00 | NOTE | |||
r-oldrel-windows-ix86+x86_64 | 1.2.1 | 9.00 | 64.00 | 73.00 | NOTE |
Version: 1.2.1
Check: LazyData
Result: NOTE
'LazyData' is specified without a 'data' directory
Flavors: r-devel-linux-x86_64-debian-clang, r-devel-linux-x86_64-debian-gcc, r-devel-linux-x86_64-fedora-clang, r-devel-linux-x86_64-fedora-gcc, r-devel-windows-x86_64, r-patched-linux-x86_64, r-release-linux-x86_64, r-release-macos-arm64, r-release-macos-x86_64, r-release-windows-x86_64, r-oldrel-macos-arm64, r-oldrel-macos-x86_64, r-oldrel-windows-ix86+x86_64