Last updated on 2022-08-15 08:49:55 CEST.
Flavor | Version | Tinstall | Tcheck | Ttotal | Status | Flags |
---|---|---|---|---|---|---|
r-devel-linux-x86_64-debian-clang | 0.1.4 | 3.11 | 39.67 | 42.78 | NOTE | |
r-devel-linux-x86_64-debian-gcc | 0.1.4 | 3.35 | 31.55 | 34.90 | NOTE | |
r-devel-linux-x86_64-fedora-clang | 0.1.4 | 64.23 | NOTE | |||
r-devel-linux-x86_64-fedora-gcc | 0.1.4 | 64.10 | NOTE | |||
r-devel-windows-x86_64 | 0.1.4 | 16.00 | 66.00 | 82.00 | NOTE | |
r-patched-linux-x86_64 | 0.1.4 | 4.08 | 39.09 | 43.17 | NOTE | |
r-release-linux-x86_64 | 0.1.4 | 2.80 | 40.03 | 42.83 | NOTE | |
r-release-macos-arm64 | 0.1.4 | 23.00 | NOTE | |||
r-release-macos-x86_64 | 0.1.4 | 39.00 | NOTE | |||
r-release-windows-x86_64 | 0.1.4 | 18.00 | 72.00 | 90.00 | NOTE | |
r-oldrel-macos-arm64 | 0.1.4 | 25.00 | NOTE | |||
r-oldrel-macos-x86_64 | 0.1.4 | 47.00 | NOTE | |||
r-oldrel-windows-ix86+x86_64 | 0.1.4 | 12.00 | 59.00 | 71.00 | NOTE |
Version: 0.1.4
Check: LazyData
Result: NOTE
'LazyData' is specified without a 'data' directory
Flavors: r-devel-linux-x86_64-debian-clang, r-devel-linux-x86_64-debian-gcc, r-devel-linux-x86_64-fedora-clang, r-devel-linux-x86_64-fedora-gcc, r-devel-windows-x86_64, r-patched-linux-x86_64, r-release-linux-x86_64, r-release-macos-arm64, r-release-macos-x86_64, r-release-windows-x86_64, r-oldrel-macos-arm64, r-oldrel-macos-x86_64, r-oldrel-windows-ix86+x86_64