Last updated on 2022-08-15 08:49:55 CEST.
Flavor | Version | Tinstall | Tcheck | Ttotal | Status | Flags |
---|---|---|---|---|---|---|
r-devel-linux-x86_64-debian-clang | 0.2.2 | 6.14 | 51.89 | 58.03 | NOTE | |
r-devel-linux-x86_64-debian-gcc | 0.2.2 | 4.47 | 39.13 | 43.60 | NOTE | |
r-devel-linux-x86_64-fedora-clang | 0.2.2 | 79.46 | NOTE | |||
r-devel-linux-x86_64-fedora-gcc | 0.2.2 | 78.14 | NOTE | |||
r-devel-windows-x86_64 | 0.2.2 | 16.00 | 77.00 | 93.00 | NOTE | |
r-patched-linux-x86_64 | 0.2.2 | 4.93 | 49.11 | 54.04 | NOTE | |
r-release-linux-x86_64 | 0.2.2 | 5.19 | 49.34 | 54.53 | NOTE | |
r-release-macos-arm64 | 0.2.2 | 22.00 | NOTE | |||
r-release-macos-x86_64 | 0.2.2 | 45.00 | NOTE | |||
r-release-windows-x86_64 | 0.2.2 | 14.00 | 80.00 | 94.00 | NOTE | |
r-oldrel-macos-arm64 | 0.2.2 | 26.00 | NOTE | |||
r-oldrel-macos-x86_64 | 0.2.2 | 35.00 | NOTE | |||
r-oldrel-windows-ix86+x86_64 | 0.2.2 | 14.00 | 67.00 | 81.00 | NOTE |
Version: 0.2.2
Check: LazyData
Result: NOTE
'LazyData' is specified without a 'data' directory
Flavors: r-devel-linux-x86_64-debian-clang, r-devel-linux-x86_64-debian-gcc, r-devel-linux-x86_64-fedora-clang, r-devel-linux-x86_64-fedora-gcc, r-devel-windows-x86_64, r-patched-linux-x86_64, r-release-linux-x86_64, r-release-macos-arm64, r-release-macos-x86_64, r-release-windows-x86_64, r-oldrel-macos-arm64, r-oldrel-macos-x86_64, r-oldrel-windows-ix86+x86_64