Last updated on 2022-08-15 08:49:55 CEST.
Flavor | Version | Tinstall | Tcheck | Ttotal | Status | Flags |
---|---|---|---|---|---|---|
r-devel-linux-x86_64-debian-clang | 1.0.1 | 9.61 | 207.78 | 217.39 | OK | |
r-devel-linux-x86_64-debian-gcc | 1.0.1 | 6.35 | 149.12 | 155.47 | OK | |
r-devel-linux-x86_64-fedora-clang | 1.0.1 | 265.79 | NOTE | |||
r-devel-linux-x86_64-fedora-gcc | 1.0.1 | 271.48 | NOTE | |||
r-devel-windows-x86_64 | 1.0.1 | 50.00 | 313.00 | 363.00 | OK | |
r-patched-linux-x86_64 | 1.0.1 | 9.80 | 193.55 | 203.35 | OK | |
r-release-linux-x86_64 | 1.0.1 | 7.45 | 198.51 | 205.96 | OK | |
r-release-macos-arm64 | 1.0.1 | 82.00 | NOTE | |||
r-release-macos-x86_64 | 1.0.1 | 128.00 | NOTE | |||
r-release-windows-x86_64 | 1.0.1 | 17.00 | 320.00 | 337.00 | OK | |
r-oldrel-macos-arm64 | 1.0.1 | 99.00 | NOTE | |||
r-oldrel-macos-x86_64 | 1.0.1 | 188.00 | NOTE | |||
r-oldrel-windows-ix86+x86_64 | 1.0.1 | 25.00 | 353.00 | 378.00 | OK |
Version: 1.0.1
Check: dependencies in R code
Result: NOTE
Namespace in Imports field not imported from: ‘snow’
All declared Imports should be used.
Flavors: r-devel-linux-x86_64-fedora-clang, r-devel-linux-x86_64-fedora-gcc, r-release-macos-arm64, r-release-macos-x86_64, r-oldrel-macos-arm64, r-oldrel-macos-x86_64