Last updated on 2022-08-15 08:49:55 CEST.
Flavor | Version | Tinstall | Tcheck | Ttotal | Status | Flags |
---|---|---|---|---|---|---|
r-devel-linux-x86_64-debian-clang | 0.1.0 | 16.49 | 173.77 | 190.26 | OK | |
r-devel-linux-x86_64-debian-gcc | 0.1.0 | 15.57 | 120.47 | 136.04 | OK | |
r-devel-linux-x86_64-fedora-clang | 0.1.0 | 250.06 | NOTE | |||
r-devel-linux-x86_64-fedora-gcc | 0.1.0 | 228.28 | NOTE | |||
r-devel-windows-x86_64 | 0.1.0 | 23.00 | 204.00 | 227.00 | OK | |
r-patched-linux-x86_64 | 0.1.0 | 15.95 | 145.81 | 161.76 | OK | |
r-release-linux-x86_64 | 0.1.0 | 14.74 | 146.26 | 161.00 | OK | |
r-release-macos-arm64 | 0.1.0 | 63.00 | NOTE | |||
r-release-macos-x86_64 | 0.1.0 | 74.00 | NOTE | |||
r-release-windows-x86_64 | 0.1.0 | 85.00 | 207.00 | 292.00 | OK | |
r-oldrel-macos-arm64 | 0.1.0 | 71.00 | NOTE | |||
r-oldrel-macos-x86_64 | 0.1.0 | 110.00 | NOTE | |||
r-oldrel-windows-ix86+x86_64 | 0.1.0 | 49.00 | 360.00 | 409.00 | OK |
Version: 0.1.0
Check: dependencies in R code
Result: NOTE
Namespace in Imports field not imported from: ‘mathjaxr’
All declared Imports should be used.
Flavors: r-devel-linux-x86_64-fedora-clang, r-devel-linux-x86_64-fedora-gcc, r-release-macos-arm64, r-release-macos-x86_64, r-oldrel-macos-arm64, r-oldrel-macos-x86_64