Last updated on 2022-08-15 08:49:55 CEST.
Flavor | Version | Tinstall | Tcheck | Ttotal | Status | Flags |
---|---|---|---|---|---|---|
r-devel-linux-x86_64-debian-clang | 1.0.4 | 2.98 | 29.25 | 32.23 | NOTE | |
r-devel-linux-x86_64-debian-gcc | 1.0.4 | 2.59 | 21.82 | 24.41 | NOTE | |
r-devel-linux-x86_64-fedora-clang | 1.0.4 | 48.83 | NOTE | |||
r-devel-linux-x86_64-fedora-gcc | 1.0.4 | 50.14 | NOTE | |||
r-devel-windows-x86_64 | 1.0.4 | 13.00 | 50.00 | 63.00 | NOTE | |
r-patched-linux-x86_64 | 1.0.4 | 3.61 | 27.80 | 31.41 | NOTE | |
r-release-linux-x86_64 | 1.0.4 | 3.50 | 27.40 | 30.90 | NOTE | |
r-release-macos-arm64 | 1.0.4 | 17.00 | NOTE | |||
r-release-macos-x86_64 | 1.0.4 | 23.00 | NOTE | |||
r-release-windows-x86_64 | 1.0.4 | 11.00 | 50.00 | 61.00 | NOTE | |
r-oldrel-macos-arm64 | 1.0.4 | 20.00 | NOTE | |||
r-oldrel-macos-x86_64 | 1.0.4 | 29.00 | NOTE | |||
r-oldrel-windows-ix86+x86_64 | 1.0.4 | 7.00 | 45.00 | 52.00 | NOTE |
Version: 1.0.4
Check: LazyData
Result: NOTE
'LazyData' is specified without a 'data' directory
Flavors: r-devel-linux-x86_64-debian-clang, r-devel-linux-x86_64-debian-gcc, r-devel-linux-x86_64-fedora-clang, r-devel-linux-x86_64-fedora-gcc, r-devel-windows-x86_64, r-patched-linux-x86_64, r-release-linux-x86_64, r-release-macos-arm64, r-release-macos-x86_64, r-release-windows-x86_64, r-oldrel-macos-arm64, r-oldrel-macos-x86_64, r-oldrel-windows-ix86+x86_64