Last updated on 2022-08-15 08:49:55 CEST.
Flavor | Version | Tinstall | Tcheck | Ttotal | Status | Flags |
---|---|---|---|---|---|---|
r-devel-linux-x86_64-debian-clang | 0.0.13 | 1054.25 | 53.58 | 1107.83 | OK | |
r-devel-linux-x86_64-debian-gcc | 0.0.13 | 805.81 | 41.57 | 847.38 | OK | |
r-devel-linux-x86_64-fedora-clang | 0.0.13 | 1758.98 | OK | |||
r-devel-linux-x86_64-fedora-gcc | 0.0.13 | 1532.77 | OK | |||
r-devel-windows-x86_64 | 0.0.13 | 767.00 | 120.00 | 887.00 | OK | |
r-patched-linux-x86_64 | 0.0.13 | 888.57 | 52.09 | 940.66 | OK | |
r-release-linux-x86_64 | 0.0.13 | 861.92 | 51.12 | 913.04 | OK | |
r-release-macos-arm64 | 0.0.13 | 284.00 | NOTE | |||
r-release-macos-x86_64 | 0.0.13 | 383.00 | NOTE | |||
r-release-windows-x86_64 | 0.0.13 | 787.00 | 124.00 | 911.00 | OK | |
r-oldrel-macos-arm64 | 0.0.13 | 270.00 | NOTE | |||
r-oldrel-macos-x86_64 | 0.0.13 | 366.00 | NOTE | |||
r-oldrel-windows-ix86+x86_64 | 0.0.13 | 2645.00 | 135.00 | 2780.00 | NOTE |
Version: 0.0.13
Check: installed package size
Result: NOTE
installed size is 19.8Mb
sub-directories of 1Mb or more:
data 2.0Mb
libs 17.6Mb
Flavors: r-release-macos-arm64, r-release-macos-x86_64, r-oldrel-macos-arm64, r-oldrel-macos-x86_64, r-oldrel-windows-ix86+x86_64