Last updated on 2022-08-15 08:49:55 CEST.
Flavor | Version | Tinstall | Tcheck | Ttotal | Status | Flags |
---|---|---|---|---|---|---|
r-devel-linux-x86_64-debian-clang | 0.1.8 | 9.69 | 99.24 | 108.93 | NOTE | |
r-devel-linux-x86_64-debian-gcc | 0.1.8 | 6.12 | 74.56 | 80.68 | NOTE | |
r-devel-linux-x86_64-fedora-clang | 0.1.8 | 138.12 | NOTE | |||
r-devel-linux-x86_64-fedora-gcc | 0.1.8 | 140.64 | NOTE | |||
r-devel-windows-x86_64 | 0.1.8 | 44.00 | 125.00 | 169.00 | NOTE | |
r-patched-linux-x86_64 | 0.1.8 | 10.23 | 91.94 | 102.17 | NOTE | |
r-release-linux-x86_64 | 0.1.8 | 9.73 | 91.16 | 100.89 | NOTE | |
r-release-macos-arm64 | 0.1.8 | 44.00 | NOTE | |||
r-release-macos-x86_64 | 0.1.8 | 89.00 | NOTE | |||
r-release-windows-x86_64 | 0.1.8 | 59.00 | 130.00 | 189.00 | NOTE | |
r-oldrel-macos-arm64 | 0.1.8 | 50.00 | NOTE | |||
r-oldrel-macos-x86_64 | 0.1.8 | 78.00 | NOTE | |||
r-oldrel-windows-ix86+x86_64 | 0.1.8 | 21.00 | 119.00 | 140.00 | NOTE |
Version: 0.1.8
Check: LazyData
Result: NOTE
'LazyData' is specified without a 'data' directory
Flavors: r-devel-linux-x86_64-debian-clang, r-devel-linux-x86_64-debian-gcc, r-devel-linux-x86_64-fedora-clang, r-devel-linux-x86_64-fedora-gcc, r-devel-windows-x86_64, r-patched-linux-x86_64, r-release-linux-x86_64, r-release-macos-arm64, r-release-macos-x86_64, r-release-windows-x86_64, r-oldrel-macos-arm64, r-oldrel-macos-x86_64, r-oldrel-windows-ix86+x86_64