Last updated on 2022-08-15 08:49:55 CEST.
Flavor | Version | Tinstall | Tcheck | Ttotal | Status | Flags |
---|---|---|---|---|---|---|
r-devel-linux-x86_64-debian-clang | 2.1.1 | 54.15 | 460.02 | 514.17 | OK | |
r-devel-linux-x86_64-debian-gcc | 2.1.1 | 45.09 | 335.52 | 380.61 | OK | |
r-devel-linux-x86_64-fedora-clang | 2.1.1 | 603.07 | NOTE | |||
r-devel-linux-x86_64-fedora-gcc | 2.1.1 | 638.59 | NOTE | |||
r-devel-windows-x86_64 | 2.1.1 | 89.00 | 424.00 | 513.00 | OK | |
r-patched-linux-x86_64 | 2.1.1 | 48.56 | 431.41 | 479.97 | OK | |
r-release-linux-x86_64 | 2.1.1 | 35.81 | 428.58 | 464.39 | OK | |
r-release-macos-arm64 | 2.1.1 | 115.00 | NOTE | |||
r-release-macos-x86_64 | 2.1.1 | 206.00 | NOTE | |||
r-release-windows-x86_64 | 2.1.1 | 92.00 | 435.00 | 527.00 | OK | |
r-oldrel-macos-arm64 | 2.1.1 | 123.00 | NOTE | |||
r-oldrel-macos-x86_64 | 2.1.1 | 173.00 | NOTE | |||
r-oldrel-windows-ix86+x86_64 | 2.1.1 | 106.00 | 438.00 | 544.00 | OK |
Version: 2.1.1
Check: data for non-ASCII characters
Result: NOTE
Note: found 50 marked Latin-1 strings
Flavors: r-devel-linux-x86_64-fedora-clang, r-devel-linux-x86_64-fedora-gcc, r-release-macos-arm64, r-release-macos-x86_64, r-oldrel-macos-arm64, r-oldrel-macos-x86_64