Last updated on 2022-08-15 08:49:55 CEST.
Flavor | Version | Tinstall | Tcheck | Ttotal | Status | Flags |
---|---|---|---|---|---|---|
r-devel-linux-x86_64-debian-clang | 0.9.5 | 5.44 | 279.41 | 284.85 | NOTE | |
r-devel-linux-x86_64-debian-gcc | 0.9.5 | 3.29 | 189.42 | 192.71 | NOTE | |
r-devel-linux-x86_64-fedora-clang | 0.9.5 | 332.08 | NOTE | |||
r-devel-linux-x86_64-fedora-gcc | 0.9.5 | 345.01 | NOTE | |||
r-devel-windows-x86_64 | 0.9.5 | 22.00 | 253.00 | 275.00 | NOTE | |
r-patched-linux-x86_64 | 0.9.5 | 5.52 | 262.17 | 267.69 | NOTE | |
r-release-linux-x86_64 | 0.9.5 | 5.28 | 266.76 | 272.04 | NOTE | |
r-release-macos-arm64 | 0.9.5 | 77.00 | NOTE | |||
r-release-macos-x86_64 | 0.9.5 | 124.00 | NOTE | |||
r-release-windows-x86_64 | 0.9.5 | 21.00 | 262.00 | 283.00 | NOTE | |
r-oldrel-macos-arm64 | 0.9.5 | 90.00 | NOTE | |||
r-oldrel-macos-x86_64 | 0.9.5 | 172.00 | NOTE | |||
r-oldrel-windows-ix86+x86_64 | 0.9.5 | 11.00 | 319.00 | 330.00 | NOTE |
Version: 0.9.5
Check: LazyData
Result: NOTE
'LazyData' is specified without a 'data' directory
Flavors: r-devel-linux-x86_64-debian-clang, r-devel-linux-x86_64-debian-gcc, r-devel-linux-x86_64-fedora-clang, r-devel-linux-x86_64-fedora-gcc, r-devel-windows-x86_64, r-patched-linux-x86_64, r-release-linux-x86_64, r-release-macos-arm64, r-release-macos-x86_64, r-release-windows-x86_64, r-oldrel-macos-arm64, r-oldrel-macos-x86_64, r-oldrel-windows-ix86+x86_64