Last updated on 2022-08-15 08:49:55 CEST.
Flavor | Version | Tinstall | Tcheck | Ttotal | Status | Flags |
---|---|---|---|---|---|---|
r-devel-linux-x86_64-debian-clang | 0.2.1 | 1.82 | 23.32 | 25.14 | NOTE | |
r-devel-linux-x86_64-debian-gcc | 0.2.1 | 1.56 | 18.19 | 19.75 | NOTE | |
r-devel-linux-x86_64-fedora-clang | 0.2.1 | 41.87 | NOTE | |||
r-devel-linux-x86_64-fedora-gcc | 0.2.1 | 40.62 | NOTE | |||
r-devel-windows-x86_64 | 0.2.1 | 14.00 | 47.00 | 61.00 | NOTE | |
r-patched-linux-x86_64 | 0.2.1 | 2.16 | 22.28 | 24.44 | NOTE | |
r-release-linux-x86_64 | 0.2.1 | 1.51 | 22.31 | 23.82 | NOTE | |
r-release-macos-arm64 | 0.2.1 | 17.00 | NOTE | |||
r-release-macos-x86_64 | 0.2.1 | 27.00 | NOTE | |||
r-release-windows-x86_64 | 0.2.1 | 7.00 | 48.00 | 55.00 | NOTE | |
r-oldrel-macos-arm64 | 0.2.1 | 19.00 | NOTE | |||
r-oldrel-macos-x86_64 | 0.2.1 | 25.00 | NOTE | |||
r-oldrel-windows-ix86+x86_64 | 0.2.1 | 7.00 | 41.00 | 48.00 | NOTE |
Version: 0.2.1
Check: LazyData
Result: NOTE
'LazyData' is specified without a 'data' directory
Flavors: r-devel-linux-x86_64-debian-clang, r-devel-linux-x86_64-debian-gcc, r-devel-linux-x86_64-fedora-clang, r-devel-linux-x86_64-fedora-gcc, r-devel-windows-x86_64, r-patched-linux-x86_64, r-release-linux-x86_64, r-release-macos-arm64, r-release-macos-x86_64, r-release-windows-x86_64, r-oldrel-macos-arm64, r-oldrel-macos-x86_64, r-oldrel-windows-ix86+x86_64