Last updated on 2022-08-15 08:49:55 CEST.
Flavor | Version | Tinstall | Tcheck | Ttotal | Status | Flags |
---|---|---|---|---|---|---|
r-devel-linux-x86_64-debian-clang | 1.1.0 | 11.11 | 94.32 | 105.43 | NOTE | |
r-devel-linux-x86_64-debian-gcc | 1.1.0 | 10.05 | 70.99 | 81.04 | NOTE | |
r-devel-linux-x86_64-fedora-clang | 1.1.0 | 136.76 | NOTE | |||
r-devel-linux-x86_64-fedora-gcc | 1.1.0 | 139.50 | NOTE | |||
r-devel-windows-x86_64 | 1.1.0 | 34.00 | 113.00 | 147.00 | NOTE | |
r-patched-linux-x86_64 | 1.1.0 | 11.24 | 88.19 | 99.43 | NOTE | |
r-release-linux-x86_64 | 1.1.0 | 8.53 | 88.95 | 97.48 | NOTE | |
r-release-macos-arm64 | 1.1.0 | 39.00 | NOTE | |||
r-release-macos-x86_64 | 1.1.0 | 66.00 | NOTE | |||
r-release-windows-x86_64 | 1.1.0 | 40.00 | 117.00 | 157.00 | NOTE | |
r-oldrel-macos-arm64 | 1.1.0 | 50.00 | NOTE | |||
r-oldrel-macos-x86_64 | 1.1.0 | 87.00 | NOTE | |||
r-oldrel-windows-ix86+x86_64 | 1.1.0 | 25.00 | 112.00 | 137.00 | NOTE |
Version: 1.1.0
Check: LazyData
Result: NOTE
'LazyData' is specified without a 'data' directory
Flavors: r-devel-linux-x86_64-debian-clang, r-devel-linux-x86_64-debian-gcc, r-devel-linux-x86_64-fedora-clang, r-devel-linux-x86_64-fedora-gcc, r-devel-windows-x86_64, r-patched-linux-x86_64, r-release-linux-x86_64, r-release-macos-arm64, r-release-macos-x86_64, r-release-windows-x86_64, r-oldrel-macos-arm64, r-oldrel-macos-x86_64, r-oldrel-windows-ix86+x86_64