Last updated on 2022-08-15 08:49:55 CEST.
Flavor | Version | Tinstall | Tcheck | Ttotal | Status | Flags |
---|---|---|---|---|---|---|
r-devel-linux-x86_64-debian-clang | 0.2.1 | 9.25 | 108.87 | 118.12 | NOTE | |
r-devel-linux-x86_64-debian-gcc | 0.2.1 | 7.45 | 78.33 | 85.78 | NOTE | |
r-devel-linux-x86_64-fedora-clang | 0.2.1 | 144.85 | NOTE | |||
r-devel-linux-x86_64-fedora-gcc | 0.2.1 | 148.53 | NOTE | |||
r-devel-windows-x86_64 | 0.2.1 | 26.00 | 130.00 | 156.00 | NOTE | |
r-patched-linux-x86_64 | 0.2.1 | 5.94 | 98.79 | 104.73 | NOTE | |
r-release-linux-x86_64 | 0.2.1 | 5.96 | 100.51 | 106.47 | NOTE | |
r-release-macos-arm64 | 0.2.1 | 38.00 | NOTE | |||
r-release-macos-x86_64 | 0.2.1 | 64.00 | NOTE | |||
r-release-windows-x86_64 | 0.2.1 | 24.00 | 134.00 | 158.00 | NOTE | |
r-oldrel-macos-arm64 | 0.2.1 | 54.00 | NOTE | |||
r-oldrel-macos-x86_64 | 0.2.1 | 75.00 | NOTE | |||
r-oldrel-windows-ix86+x86_64 | 0.2.1 | 25.00 | 130.00 | 155.00 | NOTE |
Version: 0.2.1
Check: LazyData
Result: NOTE
'LazyData' is specified without a 'data' directory
Flavors: r-devel-linux-x86_64-debian-clang, r-devel-linux-x86_64-debian-gcc, r-devel-linux-x86_64-fedora-clang, r-devel-linux-x86_64-fedora-gcc, r-devel-windows-x86_64, r-patched-linux-x86_64, r-release-linux-x86_64, r-release-macos-arm64, r-release-macos-x86_64, r-release-windows-x86_64, r-oldrel-macos-arm64, r-oldrel-macos-x86_64, r-oldrel-windows-ix86+x86_64