Last updated on 2022-08-15 08:49:55 CEST.
Flavor | Version | Tinstall | Tcheck | Ttotal | Status | Flags |
---|---|---|---|---|---|---|
r-devel-linux-x86_64-debian-clang | 1.1.1 | 1.93 | 25.24 | 27.17 | NOTE | |
r-devel-linux-x86_64-debian-gcc | 1.1.1 | 1.65 | 19.39 | 21.04 | NOTE | |
r-devel-linux-x86_64-fedora-clang | 1.1.1 | 43.75 | NOTE | |||
r-devel-linux-x86_64-fedora-gcc | 1.1.1 | 43.87 | NOTE | |||
r-devel-windows-x86_64 | 1.1.1 | 13.00 | 50.00 | 63.00 | NOTE | |
r-patched-linux-x86_64 | 1.1.1 | 2.18 | 23.93 | 26.11 | NOTE | |
r-release-linux-x86_64 | 1.1.1 | 1.85 | 24.28 | 26.13 | NOTE | |
r-release-macos-arm64 | 1.1.1 | 17.00 | NOTE | |||
r-release-macos-x86_64 | 1.1.1 | 21.00 | NOTE | |||
r-release-windows-x86_64 | 1.1.1 | 16.00 | 51.00 | 67.00 | NOTE | |
r-oldrel-macos-arm64 | 1.1.1 | 21.00 | NOTE | |||
r-oldrel-macos-x86_64 | 1.1.1 | 26.00 | NOTE | |||
r-oldrel-windows-ix86+x86_64 | 1.1.1 | 5.00 | 43.00 | 48.00 | NOTE |
Version: 1.1.1
Check: LazyData
Result: NOTE
'LazyData' is specified without a 'data' directory
Flavors: r-devel-linux-x86_64-debian-clang, r-devel-linux-x86_64-debian-gcc, r-devel-linux-x86_64-fedora-clang, r-devel-linux-x86_64-fedora-gcc, r-devel-windows-x86_64, r-patched-linux-x86_64, r-release-linux-x86_64, r-release-macos-arm64, r-release-macos-x86_64, r-release-windows-x86_64, r-oldrel-macos-arm64, r-oldrel-macos-x86_64, r-oldrel-windows-ix86+x86_64