Last updated on 2022-08-15 08:49:55 CEST.
Flavor | Version | Tinstall | Tcheck | Ttotal | Status | Flags |
---|---|---|---|---|---|---|
r-devel-linux-x86_64-debian-clang | 0.5.1 | 17.26 | 35.40 | 52.66 | OK | |
r-devel-linux-x86_64-debian-gcc | 0.5.1 | 13.83 | 26.66 | 40.49 | OK | |
r-devel-linux-x86_64-fedora-clang | 0.5.1 | 73.37 | OK | |||
r-devel-linux-x86_64-fedora-gcc | 0.5.1 | 75.20 | OK | |||
r-devel-windows-x86_64 | 0.5.1 | 118.00 | 66.00 | 184.00 | WARN | |
r-patched-linux-x86_64 | 0.5.1 | 15.81 | 33.26 | 49.07 | OK | |
r-release-linux-x86_64 | 0.5.1 | 15.81 | 32.79 | 48.60 | OK | |
r-release-macos-arm64 | 0.5.1 | 24.00 | OK | |||
r-release-macos-x86_64 | 0.5.1 | 33.00 | OK | |||
r-release-windows-x86_64 | 0.5.1 | 53.00 | 66.00 | 119.00 | WARN | |
r-oldrel-macos-arm64 | 0.5.1 | 34.00 | OK | |||
r-oldrel-macos-x86_64 | 0.5.1 | 46.00 | OK | |||
r-oldrel-windows-ix86+x86_64 | 0.5.1 | 57.00 | 71.00 | 128.00 | OK |
Version: 0.5.1
Check: whether package can be installed
Result: WARN
Found the following significant warnings:
report.c:1466:31: warning: '%02d' directive writing between 2 and 11 bytes into a region of size between 1 and 8 [-Wformat-overflow=]
Flavors: r-devel-windows-x86_64, r-release-windows-x86_64