Last updated on 2022-08-15 08:49:55 CEST.
Flavor | Version | Tinstall | Tcheck | Ttotal | Status | Flags |
---|---|---|---|---|---|---|
r-devel-linux-x86_64-debian-clang | 0.7.3 | 3.49 | 42.92 | 46.41 | NOTE | |
r-devel-linux-x86_64-debian-gcc | 0.7.3 | 3.11 | 32.58 | 35.69 | NOTE | |
r-devel-linux-x86_64-fedora-clang | 0.7.3 | 67.73 | NOTE | |||
r-devel-linux-x86_64-fedora-gcc | 0.7.3 | 67.75 | NOTE | |||
r-devel-windows-x86_64 | 0.7.3 | 112.00 | 68.00 | 180.00 | OK | |
r-patched-linux-x86_64 | 0.7.3 | 4.00 | 41.11 | 45.11 | NOTE | |
r-release-linux-x86_64 | 0.7.3 | 3.40 | 40.75 | 44.15 | NOTE | |
r-release-macos-arm64 | 0.7.3 | 21.00 | OK | |||
r-release-macos-x86_64 | 0.7.3 | 29.00 | OK | |||
r-release-windows-x86_64 | 0.7.3 | 31.00 | 68.00 | 99.00 | OK | |
r-oldrel-macos-arm64 | 0.7.3 | 26.00 | OK | |||
r-oldrel-macos-x86_64 | 0.7.3 | 41.00 | OK | |||
r-oldrel-windows-ix86+x86_64 | 0.7.3 | 7.00 | 59.00 | 66.00 | OK |
Version: 0.7.3
Check: for non-standard things in the check directory
Result: NOTE
Found the following files/directories:
'Net1-fromR.inp'
Flavors: r-devel-linux-x86_64-debian-clang, r-devel-linux-x86_64-debian-gcc, r-devel-linux-x86_64-fedora-clang, r-devel-linux-x86_64-fedora-gcc, r-patched-linux-x86_64, r-release-linux-x86_64