Last updated on 2022-08-15 08:49:55 CEST.
Flavor | Version | Tinstall | Tcheck | Ttotal | Status | Flags |
---|---|---|---|---|---|---|
r-devel-linux-x86_64-debian-clang | 0.1.0 | 29.63 | 523.38 | 553.01 | OK | |
r-devel-linux-x86_64-debian-gcc | 0.1.0 | 26.90 | 385.42 | 412.32 | OK | |
r-devel-linux-x86_64-fedora-clang | 0.1.0 | 660.60 | OK | |||
r-devel-linux-x86_64-fedora-gcc | 0.1.0 | 679.46 | OK | |||
r-devel-windows-x86_64 | 0.1.0 | 51.00 | 533.00 | 584.00 | OK | |
r-patched-linux-x86_64 | 0.1.0 | 33.91 | 480.53 | 514.44 | OK | |
r-release-linux-x86_64 | 0.1.0 | 26.73 | 492.38 | 519.11 | OK | |
r-release-macos-arm64 | 0.1.0 | 254.00 | OK | |||
r-release-macos-x86_64 | 0.1.0 | 6.00 | ERROR | |||
r-release-windows-x86_64 | 0.1.0 | 41.00 | 547.00 | 588.00 | OK | |
r-oldrel-macos-arm64 | 0.1.0 | 247.00 | OK | |||
r-oldrel-macos-x86_64 | 0.1.0 | 11.00 | ERROR | |||
r-oldrel-windows-ix86+x86_64 | 0.1.0 | 69.00 | 563.00 | 632.00 | OK |
Version: 0.1.0
Check: package dependencies
Result: ERROR
Package required but not available: ‘metagenomeSeq’
See section ‘The DESCRIPTION file’ in the ‘Writing R Extensions’
manual.
Flavors: r-release-macos-x86_64, r-oldrel-macos-x86_64