Last updated on 2022-08-15 08:49:55 CEST.
Flavor | Version | Tinstall | Tcheck | Ttotal | Status | Flags |
---|---|---|---|---|---|---|
r-devel-linux-x86_64-debian-clang | 1.1.2 | 4.42 | 59.54 | 63.96 | OK | |
r-devel-linux-x86_64-debian-gcc | 1.1.2 | 3.93 | 44.54 | 48.47 | OK | |
r-devel-linux-x86_64-fedora-clang | 1.1.2 | 87.33 | NOTE | |||
r-devel-linux-x86_64-fedora-gcc | 1.1.2 | 87.59 | NOTE | |||
r-devel-windows-x86_64 | 1.1.2 | 50.00 | 97.00 | 147.00 | OK | |
r-patched-linux-x86_64 | 1.1.2 | 4.42 | 55.80 | 60.22 | OK | |
r-release-linux-x86_64 | 1.1.2 | 3.08 | 56.06 | 59.14 | OK | |
r-release-macos-arm64 | 1.1.2 | 28.00 | NOTE | |||
r-release-macos-x86_64 | 1.1.2 | 49.00 | NOTE | |||
r-release-windows-x86_64 | 1.1.2 | 36.00 | 108.00 | 144.00 | OK | |
r-oldrel-macos-arm64 | 1.1.2 | 33.00 | NOTE | |||
r-oldrel-macos-x86_64 | 1.1.2 | 51.00 | NOTE | |||
r-oldrel-windows-ix86+x86_64 | 1.1.2 | 10.00 | 80.00 | 90.00 | OK |
Version: 1.1.2
Check: dependencies in R code
Result: NOTE
Namespace in Imports field not imported from: ‘colorspace’
All declared Imports should be used.
Flavors: r-devel-linux-x86_64-fedora-clang, r-devel-linux-x86_64-fedora-gcc, r-release-macos-arm64, r-release-macos-x86_64, r-oldrel-macos-arm64, r-oldrel-macos-x86_64