Last updated on 2022-08-15 08:49:55 CEST.
Flavor | Version | Tinstall | Tcheck | Ttotal | Status | Flags |
---|---|---|---|---|---|---|
r-devel-linux-x86_64-debian-clang | 1.0.0 | 276.37 | 330.46 | 606.83 | NOTE | |
r-devel-linux-x86_64-debian-gcc | 1.0.0 | 224.45 | 254.04 | 478.49 | NOTE | |
r-devel-linux-x86_64-fedora-clang | 1.0.0 | 903.55 | NOTE | |||
r-devel-linux-x86_64-fedora-gcc | 1.0.0 | 997.65 | NOTE | |||
r-devel-windows-x86_64 | 1.0.0 | 231.00 | 384.00 | 615.00 | NOTE | |
r-patched-linux-x86_64 | 1.0.0 | 226.66 | 319.49 | 546.15 | NOTE | |
r-release-linux-x86_64 | 1.0.0 | 217.95 | 319.29 | 537.24 | NOTE | |
r-release-macos-arm64 | 1.0.0 | 266.00 | NOTE | |||
r-release-macos-x86_64 | 1.0.0 | 432.00 | NOTE | |||
r-release-windows-x86_64 | 1.0.0 | 294.00 | 389.00 | 683.00 | NOTE | |
r-oldrel-macos-arm64 | 1.0.0 | 282.00 | NOTE | |||
r-oldrel-macos-x86_64 | 1.0.0 | 337.00 | NOTE | |||
r-oldrel-windows-ix86+x86_64 | 1.0.0 | 391.00 | 564.00 | 955.00 | NOTE |
Version: 1.0.0
Check: for GNU extensions in Makefiles
Result: NOTE
GNU make is a SystemRequirements.
Flavors: r-devel-linux-x86_64-debian-clang, r-devel-linux-x86_64-debian-gcc, r-devel-linux-x86_64-fedora-clang, r-devel-linux-x86_64-fedora-gcc, r-devel-windows-x86_64, r-patched-linux-x86_64, r-release-linux-x86_64, r-release-macos-arm64, r-release-macos-x86_64, r-release-windows-x86_64, r-oldrel-macos-arm64, r-oldrel-macos-x86_64, r-oldrel-windows-ix86+x86_64
Version: 1.0.0
Check: installed package size
Result: NOTE
installed size is 6.1Mb
sub-directories of 1Mb or more:
libs 4.9Mb
Flavors: r-devel-linux-x86_64-fedora-clang, r-release-macos-arm64, r-release-macos-x86_64, r-oldrel-macos-arm64, r-oldrel-macos-x86_64, r-oldrel-windows-ix86+x86_64