Last updated on 2022-08-15 08:49:55 CEST.
Flavor | Version | Tinstall | Tcheck | Ttotal | Status | Flags |
---|---|---|---|---|---|---|
r-devel-linux-x86_64-debian-clang | 0.2.0 | 5.38 | 90.70 | 96.08 | OK | |
r-devel-linux-x86_64-debian-gcc | 0.2.0 | 4.21 | 65.84 | 70.05 | OK | |
r-devel-linux-x86_64-fedora-clang | 0.2.0 | 121.02 | NOTE | |||
r-devel-linux-x86_64-fedora-gcc | 0.2.0 | 123.32 | NOTE | |||
r-devel-windows-x86_64 | 0.2.0 | 29.00 | 127.00 | 156.00 | OK | |
r-patched-linux-x86_64 | 0.2.0 | 11.97 | 85.58 | 97.55 | OK | |
r-release-linux-x86_64 | 0.2.0 | 3.09 | 85.76 | 88.85 | OK | |
r-release-macos-arm64 | 0.2.0 | 37.00 | NOTE | |||
r-release-macos-x86_64 | 0.2.0 | 74.00 | NOTE | |||
r-release-windows-x86_64 | 0.2.0 | 41.00 | 130.00 | 171.00 | OK | |
r-oldrel-macos-arm64 | 0.2.0 | 92.00 | NOTE | |||
r-oldrel-macos-x86_64 | 0.2.0 | 62.00 | NOTE | |||
r-oldrel-windows-ix86+x86_64 | 0.2.0 | 13.00 | 118.00 | 131.00 | OK |
Version: 0.2.0
Check: dependencies in R code
Result: NOTE
Namespace in Imports field not imported from: ‘htmlwidgets’
All declared Imports should be used.
Flavors: r-devel-linux-x86_64-fedora-clang, r-devel-linux-x86_64-fedora-gcc, r-release-macos-arm64, r-release-macos-x86_64, r-oldrel-macos-arm64, r-oldrel-macos-x86_64