Last updated on 2022-08-15 08:49:55 CEST.
Flavor | Version | Tinstall | Tcheck | Ttotal | Status | Flags |
---|---|---|---|---|---|---|
r-devel-linux-x86_64-debian-clang | 0.0.1 | 2.06 | 29.66 | 31.72 | NOTE | |
r-devel-linux-x86_64-debian-gcc | 0.0.1 | 1.69 | 23.20 | 24.89 | NOTE | |
r-devel-linux-x86_64-fedora-clang | 0.0.1 | 50.53 | NOTE | |||
r-devel-linux-x86_64-fedora-gcc | 0.0.1 | 49.57 | NOTE | |||
r-devel-windows-x86_64 | 0.0.1 | 15.00 | 56.00 | 71.00 | NOTE | |
r-patched-linux-x86_64 | 0.0.1 | 2.47 | 28.54 | 31.01 | NOTE | |
r-release-linux-x86_64 | 0.0.1 | 2.48 | 28.02 | 30.50 | NOTE | |
r-release-macos-arm64 | 0.0.1 | 17.00 | NOTE | |||
r-release-macos-x86_64 | 0.0.1 | 24.00 | NOTE | |||
r-release-windows-x86_64 | 0.0.1 | 16.00 | 57.00 | 73.00 | NOTE | |
r-oldrel-macos-arm64 | 0.0.1 | 24.00 | NOTE | |||
r-oldrel-macos-x86_64 | 0.0.1 | 31.00 | NOTE | |||
r-oldrel-windows-ix86+x86_64 | 0.0.1 | 6.00 | 45.00 | 51.00 | NOTE |
Version: 0.0.1
Check: LazyData
Result: NOTE
'LazyData' is specified without a 'data' directory
Flavors: r-devel-linux-x86_64-debian-clang, r-devel-linux-x86_64-debian-gcc, r-devel-linux-x86_64-fedora-clang, r-devel-linux-x86_64-fedora-gcc, r-devel-windows-x86_64, r-patched-linux-x86_64, r-release-linux-x86_64, r-release-macos-arm64, r-release-macos-x86_64, r-release-windows-x86_64, r-oldrel-macos-arm64, r-oldrel-macos-x86_64, r-oldrel-windows-ix86+x86_64
Version: 0.0.1
Check: for non-standard things in the check directory
Result: NOTE
Found the following files/directories:
'episcan_1geno_cc.txt' 'episcan_1geno_quant.txt'
'episcan_2geno_cc.txt' 'episcan_2geno_quant.txt'
Flavors: r-devel-linux-x86_64-debian-clang, r-devel-linux-x86_64-debian-gcc, r-devel-linux-x86_64-fedora-clang, r-devel-linux-x86_64-fedora-gcc, r-patched-linux-x86_64, r-release-linux-x86_64