Last updated on 2022-08-15 08:49:55 CEST.
Flavor | Version | Tinstall | Tcheck | Ttotal | Status | Flags |
---|---|---|---|---|---|---|
r-devel-linux-x86_64-debian-clang | 0.2.6-1.1 | 10.72 | 75.31 | 86.03 | OK | |
r-devel-linux-x86_64-debian-gcc | 0.2.6-1.1 | 6.28 | 57.61 | 63.89 | OK | |
r-devel-linux-x86_64-fedora-clang | 0.2.6-1.1 | 112.21 | OK | |||
r-devel-linux-x86_64-fedora-gcc | 0.2.6-1.1 | 114.85 | OK | |||
r-devel-windows-x86_64 | 0.2.6-1.1 | 14.00 | 93.00 | 107.00 | OK | |
r-patched-linux-x86_64 | 0.2.6-1.1 | 10.40 | 72.55 | 82.95 | OK | |
r-release-linux-x86_64 | 0.2.6-1.1 | 7.67 | 73.59 | 81.26 | OK | |
r-release-macos-arm64 | 0.2.6-1.1 | 31.00 | NOTE | |||
r-release-macos-x86_64 | 0.2.6-1.1 | 45.00 | OK | |||
r-release-windows-x86_64 | 0.2.6-1.1 | 19.00 | 93.00 | 112.00 | OK | |
r-oldrel-macos-arm64 | 0.2.6-1.1 | 37.00 | OK | |||
r-oldrel-macos-x86_64 | 0.2.6-1.1 | 61.00 | OK | |||
r-oldrel-windows-ix86+x86_64 | 0.2.6-1.1 | 18.00 | 91.00 | 109.00 | OK |
Version: 0.2.6-1.1
Check: package dependencies
Result: NOTE
Package suggested but not available for checking: ‘graph’
Flavor: r-release-macos-arm64