Last updated on 2022-08-15 08:49:55 CEST.
Flavor | Version | Tinstall | Tcheck | Ttotal | Status | Flags |
---|---|---|---|---|---|---|
r-devel-linux-x86_64-debian-clang | 2.0.8 | 5.94 | 98.06 | 104.00 | NOTE | |
r-devel-linux-x86_64-debian-gcc | 2.0.8 | 4.36 | 69.17 | 73.53 | NOTE | |
r-devel-linux-x86_64-fedora-clang | 2.0.8 | 130.32 | NOTE | |||
r-devel-linux-x86_64-fedora-gcc | 2.0.8 | 132.91 | NOTE | |||
r-devel-windows-x86_64 | 2.0.8 | 23.00 | 116.00 | 139.00 | NOTE | |
r-patched-linux-x86_64 | 2.0.8 | 7.46 | 89.79 | 97.25 | OK | |
r-release-linux-x86_64 | 2.0.8 | 6.80 | 90.68 | 97.48 | OK | |
r-release-macos-arm64 | 2.0.8 | 42.00 | OK | |||
r-release-macos-x86_64 | 2.0.8 | 73.00 | OK | |||
r-release-windows-x86_64 | 2.0.8 | 29.00 | 121.00 | 150.00 | OK | |
r-oldrel-macos-arm64 | 2.0.8 | 39.00 | OK | |||
r-oldrel-macos-x86_64 | 2.0.8 | 72.00 | OK | |||
r-oldrel-windows-ix86+x86_64 | 2.0.8 | 11.00 | 119.00 | 130.00 | OK |
Version: 2.0.8
Check: package subdirectories
Result: NOTE
Problems with news in 'NEWS.md':
No news entries found.
Flavors: r-devel-linux-x86_64-debian-clang, r-devel-linux-x86_64-debian-gcc, r-devel-linux-x86_64-fedora-clang, r-devel-linux-x86_64-fedora-gcc, r-devel-windows-x86_64