Last updated on 2022-08-15 08:49:55 CEST.
Flavor | Version | Tinstall | Tcheck | Ttotal | Status | Flags |
---|---|---|---|---|---|---|
r-devel-linux-x86_64-debian-clang | 0.1.0 | 46.27 | 145.77 | 192.04 | WARN | |
r-devel-linux-x86_64-debian-gcc | 0.1.0 | 37.98 | 111.28 | 149.26 | OK | |
r-devel-linux-x86_64-fedora-clang | 0.1.0 | 249.71 | WARN | |||
r-devel-linux-x86_64-fedora-gcc | 0.1.0 | 254.26 | OK | |||
r-devel-windows-x86_64 | 0.1.0 | 45.00 | 202.00 | 247.00 | OK | |
r-patched-linux-x86_64 | 0.1.0 | 43.75 | 138.83 | 182.58 | OK | |
r-release-linux-x86_64 | 0.1.0 | 35.76 | 140.28 | 176.04 | OK | |
r-release-macos-arm64 | 0.1.0 | 66.00 | OK | |||
r-release-macos-x86_64 | 0.1.0 | 114.00 | OK | |||
r-release-windows-x86_64 | 0.1.0 | 63.00 | 196.00 | 259.00 | OK | |
r-oldrel-macos-arm64 | 0.1.0 | 77.00 | OK | |||
r-oldrel-macos-x86_64 | 0.1.0 | 119.00 | OK | |||
r-oldrel-windows-ix86+x86_64 | 0.1.0 | 106.00 | 231.00 | 337.00 | OK |
Version: 0.1.0
Check: whether package can be installed
Result: WARN
Found the following significant warnings:
EqMult.cpp:542:12: warning: use of bitwise '&' with boolean operands [-Wbitwise-instead-of-logical]
Flavors: r-devel-linux-x86_64-debian-clang, r-devel-linux-x86_64-fedora-clang