Last updated on 2022-08-15 08:49:55 CEST.
Flavor | Version | Tinstall | Tcheck | Ttotal | Status | Flags |
---|---|---|---|---|---|---|
r-devel-linux-x86_64-debian-clang | 0.0.1.1 | 2.63 | 27.56 | 30.19 | NOTE | |
r-devel-linux-x86_64-debian-gcc | 0.0.1.1 | 1.90 | 21.28 | 23.18 | NOTE | |
r-devel-linux-x86_64-fedora-clang | 0.0.1.1 | 47.35 | NOTE | |||
r-devel-linux-x86_64-fedora-gcc | 0.0.1.1 | 46.31 | NOTE | |||
r-devel-windows-x86_64 | 0.0.1.1 | 35.00 | 51.00 | 86.00 | NOTE | |
r-patched-linux-x86_64 | 0.0.1.1 | 2.15 | 25.79 | 27.94 | NOTE | |
r-release-linux-x86_64 | 0.0.1.1 | 2.45 | 26.21 | 28.66 | NOTE | |
r-release-macos-arm64 | 0.0.1.1 | 18.00 | NOTE | |||
r-release-macos-x86_64 | 0.0.1.1 | 24.00 | NOTE | |||
r-release-windows-x86_64 | 0.0.1.1 | 23.00 | 50.00 | 73.00 | NOTE | |
r-oldrel-macos-arm64 | 0.0.1.1 | 20.00 | NOTE | |||
r-oldrel-macos-x86_64 | 0.0.1.1 | 28.00 | NOTE | |||
r-oldrel-windows-ix86+x86_64 | 0.0.1.1 | 7.00 | 42.00 | 49.00 | NOTE |
Version: 0.0.1.1
Check: LazyData
Result: NOTE
'LazyData' is specified without a 'data' directory
Flavors: r-devel-linux-x86_64-debian-clang, r-devel-linux-x86_64-debian-gcc, r-devel-linux-x86_64-fedora-clang, r-devel-linux-x86_64-fedora-gcc, r-devel-windows-x86_64, r-patched-linux-x86_64, r-release-linux-x86_64, r-release-macos-arm64, r-release-macos-x86_64, r-release-windows-x86_64, r-oldrel-macos-arm64, r-oldrel-macos-x86_64, r-oldrel-windows-ix86+x86_64
Version: 0.0.1.1
Check: dependencies in R code
Result: NOTE
Namespaces in Imports field not imported from:
‘cubature’ ‘rootSolve’
All declared Imports should be used.
Flavors: r-devel-linux-x86_64-fedora-clang, r-devel-linux-x86_64-fedora-gcc, r-release-macos-arm64, r-release-macos-x86_64, r-oldrel-macos-arm64, r-oldrel-macos-x86_64