Last updated on 2022-08-15 08:49:55 CEST.
Flavor | Version | Tinstall | Tcheck | Ttotal | Status | Flags |
---|---|---|---|---|---|---|
r-devel-linux-x86_64-debian-clang | 2.2.0 | 5.30 | 31.18 | 36.48 | NOTE | |
r-devel-linux-x86_64-debian-gcc | 2.2.0 | 4.00 | 24.59 | 28.59 | NOTE | |
r-devel-linux-x86_64-fedora-clang | 2.2.0 | 55.37 | NOTE | |||
r-devel-linux-x86_64-fedora-gcc | 2.2.0 | 57.27 | NOTE | |||
r-devel-windows-x86_64 | 2.2.0 | 20.00 | 56.00 | 76.00 | OK | |
r-patched-linux-x86_64 | 2.2.0 | 4.44 | 30.14 | 34.58 | OK | |
r-release-linux-x86_64 | 2.2.0 | 5.33 | 30.21 | 35.54 | OK | |
r-release-macos-arm64 | 2.2.0 | 17.00 | NOTE | |||
r-release-macos-x86_64 | 2.2.0 | 26.00 | NOTE | |||
r-release-windows-x86_64 | 2.2.0 | 11.00 | 55.00 | 66.00 | OK | |
r-oldrel-macos-arm64 | 2.2.0 | 17.00 | NOTE | |||
r-oldrel-macos-x86_64 | 2.2.0 | 28.00 | NOTE | |||
r-oldrel-windows-ix86+x86_64 | 2.2.0 | 11.00 | 54.00 | 65.00 | OK |
Version: 2.2.0
Check: HTML version of manual
Result: NOTE
Found the following HTML validation problems:
Error.html:61:6: Warning: missing </span> before <p>
Error.html:61:88: Warning: inserting implicit <span>
Error.html:64:6: Warning: missing </span> before <p>
Error.html:64:86: Warning: inserting implicit <span>
Error.html:67:6: Warning: missing </span> before <p>
Error.html:67:86: Warning: inserting implicit <span>
Error.html:70:6: Warning: missing </span> before <p>
Error.html:70:86: Warning: inserting implicit <span>
Error.html:73:6: Warning: missing </span> before <p>
Error.html:73:87: Warning: inserting implicit <span>
Error.html:61:6: Warning: trimming empty <span>
Error.html:64:6: Warning: trimming empty <span>
Error.html:67:6: Warning: trimming empty <span>
Error.html:70:6: Warning: trimming empty <span>
Error.html:73:6: Warning: trimming empty <span>
Warning.html:58:6: Warning: missing </span> before <p>
Warning.html:58:88: Warning: inserting implicit <span>
Warning.html:61:6: Warning: missing </span> before <p>
Warning.html:61:86: Warning: inserting implicit <span>
Warning.html:64:6: Warning: missing </span> before <p>
Warning.html:64:86: Warning: inserting implicit <span>
Warning.html:67:6: Warning: missing </span> before <p>
Warning.html:67:86: Warning: inserting implicit <span>
Warning.html:70:6: Warning: missing </span> before <p>
Warning.html:70:87: Warning: inserting implicit <span>
Warning.html:58:6: Warning: trimming empty <span>
Warning.html:61:6: Warning: trimming empty <span>
Warning.html:64:6: Warning: trimming empty <span>
Warning.html:67:6: Warning: trimming empty <span>
Warning.html:70:6: Warning: trimming empty <span>
Flavors: r-devel-linux-x86_64-debian-clang, r-devel-linux-x86_64-debian-gcc, r-devel-linux-x86_64-fedora-clang, r-devel-linux-x86_64-fedora-gcc
Version: 2.2.0
Check: dependencies in R code
Result: NOTE
Namespace in Imports field not imported from: ‘R6’
All declared Imports should be used.
Flavors: r-devel-linux-x86_64-fedora-clang, r-devel-linux-x86_64-fedora-gcc, r-release-macos-arm64, r-release-macos-x86_64, r-oldrel-macos-arm64, r-oldrel-macos-x86_64