Last updated on 2022-08-15 08:49:55 CEST.
Flavor | Version | Tinstall | Tcheck | Ttotal | Status | Flags |
---|---|---|---|---|---|---|
r-devel-linux-x86_64-debian-clang | 1.0 | 4.58 | 56.11 | 60.69 | NOTE | |
r-devel-linux-x86_64-debian-gcc | 1.0 | 3.81 | 42.26 | 46.07 | NOTE | |
r-devel-linux-x86_64-fedora-clang | 1.0 | 82.54 | NOTE | |||
r-devel-linux-x86_64-fedora-gcc | 1.0 | 83.53 | NOTE | |||
r-devel-windows-x86_64 | 1.0 | 14.00 | 80.00 | 94.00 | NOTE | |
r-patched-linux-x86_64 | 1.0 | 5.91 | 52.40 | 58.31 | NOTE | |
r-release-linux-x86_64 | 1.0 | 3.28 | 52.89 | 56.17 | NOTE | |
r-release-macos-arm64 | 1.0 | 21.00 | NOTE | |||
r-release-macos-x86_64 | 1.0 | 32.00 | NOTE | |||
r-release-windows-x86_64 | 1.0 | 11.00 | 80.00 | 91.00 | NOTE | |
r-oldrel-macos-arm64 | 1.0 | 27.00 | NOTE | |||
r-oldrel-macos-x86_64 | 1.0 | 45.00 | NOTE | |||
r-oldrel-windows-ix86+x86_64 | 1.0 | 10.00 | 69.00 | 79.00 | NOTE |
Version: 1.0
Check: LazyData
Result: NOTE
'LazyData' is specified without a 'data' directory
Flavors: r-devel-linux-x86_64-debian-clang, r-devel-linux-x86_64-debian-gcc, r-devel-linux-x86_64-fedora-clang, r-devel-linux-x86_64-fedora-gcc, r-devel-windows-x86_64, r-patched-linux-x86_64, r-release-linux-x86_64, r-release-macos-arm64, r-release-macos-x86_64, r-release-windows-x86_64, r-oldrel-macos-arm64, r-oldrel-macos-x86_64, r-oldrel-windows-ix86+x86_64