Last updated on 2022-08-15 08:49:55 CEST.
Flavor | Version | Tinstall | Tcheck | Ttotal | Status | Flags |
---|---|---|---|---|---|---|
r-devel-linux-x86_64-debian-clang | 0.6.0 | 59.75 | 200.52 | 260.27 | OK | |
r-devel-linux-x86_64-debian-gcc | 0.6.0 | 45.31 | 149.23 | 194.54 | OK | |
r-devel-linux-x86_64-fedora-clang | 0.6.0 | 392.44 | NOTE | |||
r-devel-linux-x86_64-fedora-gcc | 0.6.0 | 374.88 | NOTE | |||
r-devel-windows-x86_64 | 0.6.0 | 451.00 | 286.00 | 737.00 | OK | |
r-patched-linux-x86_64 | 0.6.0 | 58.21 | 191.94 | 250.15 | OK | |
r-release-linux-x86_64 | 0.6.0 | 47.99 | 195.98 | 243.97 | OK | |
r-release-macos-arm64 | 0.6.0 | 80.00 | NOTE | |||
r-release-macos-x86_64 | 0.6.0 | 158.00 | NOTE | |||
r-release-windows-x86_64 | 0.6.0 | 484.00 | 273.00 | 757.00 | OK | |
r-oldrel-macos-arm64 | 0.6.0 | 114.00 | NOTE | |||
r-oldrel-macos-x86_64 | 0.6.0 | 112.00 | NOTE | |||
r-oldrel-windows-ix86+x86_64 | 0.6.0 | 138.00 | 370.00 | 508.00 | OK |
Version: 0.6.0
Check: dependencies in R code
Result: NOTE
Namespaces in Imports field not imported from:
‘EMMAgeo’ ‘limSolve’ ‘shinyFiles’
All declared Imports should be used.
Flavors: r-devel-linux-x86_64-fedora-clang, r-devel-linux-x86_64-fedora-gcc, r-release-macos-arm64, r-release-macos-x86_64, r-oldrel-macos-arm64, r-oldrel-macos-x86_64