Last updated on 2022-08-15 08:49:55 CEST.
Flavor | Version | Tinstall | Tcheck | Ttotal | Status | Flags |
---|---|---|---|---|---|---|
r-devel-linux-x86_64-debian-clang | 0.1.2 | 8.23 | 72.97 | 81.20 | NOTE | |
r-devel-linux-x86_64-debian-gcc | 0.1.2 | 6.96 | 55.12 | 62.08 | NOTE | |
r-devel-linux-x86_64-fedora-clang | 0.1.2 | 109.14 | NOTE | |||
r-devel-linux-x86_64-fedora-gcc | 0.1.2 | 112.39 | NOTE | |||
r-devel-windows-x86_64 | 0.1.2 | 14.00 | 95.00 | 109.00 | NOTE | |
r-patched-linux-x86_64 | 0.1.2 | 7.26 | 68.68 | 75.94 | NOTE | |
r-release-linux-x86_64 | 0.1.2 | 8.34 | 69.86 | 78.20 | NOTE | |
r-release-macos-arm64 | 0.1.2 | 32.00 | NOTE | |||
r-release-macos-x86_64 | 0.1.2 | 45.00 | NOTE | |||
r-release-windows-x86_64 | 0.1.2 | 13.00 | 97.00 | 110.00 | NOTE | |
r-oldrel-macos-arm64 | 0.1.2 | 39.00 | NOTE | |||
r-oldrel-macos-x86_64 | 0.1.2 | 42.00 | NOTE | |||
r-oldrel-windows-ix86+x86_64 | 0.1.2 | 19.00 | 90.00 | 109.00 | NOTE |
Version: 0.1.2
Check: LazyData
Result: NOTE
'LazyData' is specified without a 'data' directory
Flavors: r-devel-linux-x86_64-debian-clang, r-devel-linux-x86_64-debian-gcc, r-devel-linux-x86_64-fedora-clang, r-devel-linux-x86_64-fedora-gcc, r-devel-windows-x86_64, r-patched-linux-x86_64, r-release-linux-x86_64, r-release-macos-arm64, r-release-macos-x86_64, r-release-windows-x86_64, r-oldrel-macos-arm64, r-oldrel-macos-x86_64, r-oldrel-windows-ix86+x86_64