Last updated on 2022-08-15 08:49:55 CEST.
Flavor | Version | Tinstall | Tcheck | Ttotal | Status | Flags |
---|---|---|---|---|---|---|
r-devel-linux-x86_64-debian-clang | 1.2.2 | 34.56 | 111.06 | 145.62 | NOTE | |
r-devel-linux-x86_64-debian-gcc | 1.2.2 | 27.80 | 75.55 | 103.35 | NOTE | |
r-devel-linux-x86_64-fedora-clang | 1.2.2 | 194.58 | NOTE | |||
r-devel-linux-x86_64-fedora-gcc | 1.2.2 | 191.49 | NOTE | |||
r-devel-windows-x86_64 | 1.2.2 | 38.00 | 204.00 | 242.00 | NOTE | |
r-patched-linux-x86_64 | 1.2.2 | 29.32 | 109.13 | 138.45 | NOTE | |
r-release-linux-x86_64 | 1.2.2 | 27.15 | 111.92 | 139.07 | NOTE | |
r-release-macos-arm64 | 1.2.2 | 41.00 | NOTE | |||
r-release-macos-x86_64 | 1.2.2 | 61.00 | NOTE | |||
r-release-windows-x86_64 | 1.2.2 | 88.00 | 206.00 | 294.00 | NOTE | |
r-oldrel-macos-arm64 | 1.2.2 | 50.00 | NOTE | |||
r-oldrel-macos-x86_64 | 1.2.2 | 91.00 | NOTE | |||
r-oldrel-windows-ix86+x86_64 | 1.2.2 | 82.00 | 365.00 | 447.00 | NOTE |
Version: 1.2.2
Check: LazyData
Result: NOTE
'LazyData' is specified without a 'data' directory
Flavors: r-devel-linux-x86_64-debian-clang, r-devel-linux-x86_64-debian-gcc, r-devel-linux-x86_64-fedora-clang, r-devel-linux-x86_64-fedora-gcc, r-devel-windows-x86_64, r-patched-linux-x86_64, r-release-linux-x86_64, r-release-macos-arm64, r-release-macos-x86_64, r-release-windows-x86_64, r-oldrel-macos-arm64, r-oldrel-macos-x86_64, r-oldrel-windows-ix86+x86_64