Last updated on 2022-08-15 08:49:55 CEST.
Flavor | Version | Tinstall | Tcheck | Ttotal | Status | Flags |
---|---|---|---|---|---|---|
r-devel-linux-x86_64-debian-clang | 6.1.1 | 65.80 | 78.93 | 144.73 | OK | |
r-devel-linux-x86_64-debian-gcc | 6.1.1 | 53.56 | 59.29 | 112.85 | OK | |
r-devel-linux-x86_64-fedora-clang | 6.1.1 | 210.84 | OK | |||
r-devel-linux-x86_64-fedora-gcc | 6.1.1 | 194.90 | OK | |||
r-devel-windows-x86_64 | 6.1.1 | 82.00 | 135.00 | 217.00 | OK | |
r-patched-linux-x86_64 | 6.1.1 | 61.38 | 72.90 | 134.28 | OK | |
r-release-linux-x86_64 | 6.1.1 | 59.79 | 73.24 | 133.03 | OK | |
r-release-macos-arm64 | 6.1.1 | 58.00 | NOTE | |||
r-release-macos-x86_64 | 6.1.1 | 76.00 | NOTE | |||
r-release-windows-x86_64 | 6.1.1 | 89.00 | 141.00 | 230.00 | OK | |
r-oldrel-macos-arm64 | 6.1.1 | 80.00 | NOTE | |||
r-oldrel-macos-x86_64 | 6.1.1 | 70.00 | NOTE | |||
r-oldrel-windows-ix86+x86_64 | 6.1.1 | 175.00 | 157.00 | 332.00 | OK |
Version: 6.1.1
Check: installed package size
Result: NOTE
installed size is 5.2Mb
sub-directories of 1Mb or more:
doc 1.1Mb
libs 3.3Mb
Flavors: r-release-macos-arm64, r-release-macos-x86_64, r-oldrel-macos-arm64, r-oldrel-macos-x86_64