Last updated on 2022-08-15 08:49:55 CEST.
Flavor | Version | Tinstall | Tcheck | Ttotal | Status | Flags |
---|---|---|---|---|---|---|
r-devel-linux-x86_64-debian-clang | 1.1.1 | 8.55 | 44.32 | 52.87 | NOTE | |
r-devel-linux-x86_64-debian-gcc | 1.1.1 | 5.51 | 33.75 | 39.26 | NOTE | |
r-devel-linux-x86_64-fedora-clang | 1.1.1 | 73.47 | NOTE | |||
r-devel-linux-x86_64-fedora-gcc | 1.1.1 | 70.68 | NOTE | |||
r-devel-windows-x86_64 | 1.1.1 | 24.00 | 78.00 | 102.00 | NOTE | |
r-patched-linux-x86_64 | 1.1.1 | 8.07 | 41.25 | 49.32 | NOTE | |
r-release-linux-x86_64 | 1.1.1 | 6.69 | 42.53 | 49.22 | NOTE | |
r-release-macos-arm64 | 1.1.1 | 23.00 | NOTE | |||
r-release-macos-x86_64 | 1.1.1 | 32.00 | NOTE | |||
r-release-windows-x86_64 | 1.1.1 | 19.00 | 76.00 | 95.00 | NOTE | |
r-oldrel-macos-arm64 | 1.1.1 | 24.00 | NOTE | |||
r-oldrel-macos-x86_64 | 1.1.1 | 42.00 | NOTE | |||
r-oldrel-windows-ix86+x86_64 | 1.1.1 | 19.00 | 75.00 | 94.00 | NOTE |
Version: 1.1.1
Check: package subdirectories
Result: NOTE
Problems with news in 'NEWS.md':
No news entries found.
Flavors: r-devel-linux-x86_64-debian-clang, r-devel-linux-x86_64-debian-gcc, r-devel-linux-x86_64-fedora-clang, r-devel-linux-x86_64-fedora-gcc, r-devel-windows-x86_64
Version: 1.1.1
Check: LazyData
Result: NOTE
'LazyData' is specified without a 'data' directory
Flavors: r-devel-linux-x86_64-debian-clang, r-devel-linux-x86_64-debian-gcc, r-devel-linux-x86_64-fedora-clang, r-devel-linux-x86_64-fedora-gcc, r-devel-windows-x86_64, r-patched-linux-x86_64, r-release-linux-x86_64, r-release-macos-arm64, r-release-macos-x86_64, r-release-windows-x86_64, r-oldrel-macos-arm64, r-oldrel-macos-x86_64, r-oldrel-windows-ix86+x86_64