Last updated on 2022-08-15 08:49:55 CEST.
Flavor | Version | Tinstall | Tcheck | Ttotal | Status | Flags |
---|---|---|---|---|---|---|
r-devel-linux-x86_64-debian-clang | 1.0.0 | 5.09 | 48.18 | 53.27 | NOTE | |
r-devel-linux-x86_64-debian-gcc | 1.0.0 | 3.20 | 36.47 | 39.67 | NOTE | |
r-devel-linux-x86_64-fedora-clang | 1.0.0 | 73.62 | NOTE | |||
r-devel-linux-x86_64-fedora-gcc | 1.0.0 | 72.03 | NOTE | |||
r-devel-windows-x86_64 | 1.0.0 | 15.00 | 72.00 | 87.00 | NOTE | |
r-patched-linux-x86_64 | 1.0.0 | 5.72 | 44.94 | 50.66 | NOTE | |
r-release-linux-x86_64 | 1.0.0 | 3.96 | 45.46 | 49.42 | NOTE | |
r-release-macos-arm64 | 1.0.0 | 22.00 | NOTE | |||
r-release-macos-x86_64 | 1.0.0 | 39.00 | NOTE | |||
r-release-windows-x86_64 | 1.0.0 | 17.00 | 72.00 | 89.00 | NOTE | |
r-oldrel-macos-arm64 | 1.0.0 | 25.00 | NOTE | |||
r-oldrel-macos-x86_64 | 1.0.0 | 35.00 | NOTE | |||
r-oldrel-windows-ix86+x86_64 | 1.0.0 | 13.00 | 64.00 | 77.00 | NOTE |
Version: 1.0.0
Check: LazyData
Result: NOTE
'LazyData' is specified without a 'data' directory
Flavors: r-devel-linux-x86_64-debian-clang, r-devel-linux-x86_64-debian-gcc, r-devel-linux-x86_64-fedora-clang, r-devel-linux-x86_64-fedora-gcc, r-devel-windows-x86_64, r-patched-linux-x86_64, r-release-linux-x86_64, r-release-macos-arm64, r-release-macos-x86_64, r-release-windows-x86_64, r-oldrel-macos-arm64, r-oldrel-macos-x86_64, r-oldrel-windows-ix86+x86_64