Last updated on 2022-08-15 08:49:55 CEST.
Flavor | Version | Tinstall | Tcheck | Ttotal | Status | Flags |
---|---|---|---|---|---|---|
r-devel-linux-x86_64-debian-clang | 2.1.0 | 3.59 | 65.20 | 68.79 | NOTE | |
r-devel-linux-x86_64-debian-gcc | 2.1.0 | 2.30 | 48.58 | 50.88 | NOTE | |
r-devel-linux-x86_64-fedora-clang | 2.1.0 | 91.21 | NOTE | |||
r-devel-linux-x86_64-fedora-gcc | 2.1.0 | 89.83 | NOTE | |||
r-devel-windows-x86_64 | 2.1.0 | 13.00 | 90.00 | 103.00 | NOTE | |
r-patched-linux-x86_64 | 2.1.0 | 3.31 | 61.76 | 65.07 | OK | |
r-release-linux-x86_64 | 2.1.0 | 3.59 | 61.59 | 65.18 | OK | |
r-release-macos-arm64 | 2.1.0 | 32.00 | OK | |||
r-release-macos-x86_64 | 2.1.0 | 39.00 | OK | |||
r-release-windows-x86_64 | 2.1.0 | 7.00 | 92.00 | 99.00 | OK | |
r-oldrel-macos-arm64 | 2.1.0 | 35.00 | OK | |||
r-oldrel-macos-x86_64 | 2.1.0 | 54.00 | OK | |||
r-oldrel-windows-ix86+x86_64 | 2.1.0 | 7.00 | 87.00 | 94.00 | OK |
Version: 2.1.0
Check: Rd files
Result: NOTE
checkRd: (-1) calculateGLR.Rd:43: Escaped LaTeX specials: \&
Flavors: r-devel-linux-x86_64-debian-clang, r-devel-linux-x86_64-debian-gcc, r-devel-linux-x86_64-fedora-clang, r-devel-linux-x86_64-fedora-gcc, r-devel-windows-x86_64