Last updated on 2022-08-15 08:49:55 CEST.
Flavor | Version | Tinstall | Tcheck | Ttotal | Status | Flags |
---|---|---|---|---|---|---|
r-devel-linux-x86_64-debian-clang | 1.1 | 8.62 | 106.42 | 115.04 | NOTE | |
r-devel-linux-x86_64-debian-gcc | 1.1 | 9.64 | 80.03 | 89.67 | NOTE | |
r-devel-linux-x86_64-fedora-clang | 1.1 | 150.22 | NOTE | |||
r-devel-linux-x86_64-fedora-gcc | 1.1 | 149.70 | NOTE | |||
r-devel-windows-x86_64 | 1.1 | 19.00 | 129.00 | 148.00 | OK | |
r-patched-linux-x86_64 | 1.1 | 10.61 | 104.36 | 114.97 | NOTE | |
r-release-linux-x86_64 | 1.1 | 12.10 | 102.61 | 114.71 | NOTE | |
r-release-macos-arm64 | 1.1 | 39.00 | OK | |||
r-release-macos-x86_64 | 1.1 | 77.00 | OK | |||
r-release-windows-x86_64 | 1.1 | 22.00 | 131.00 | 153.00 | OK | |
r-oldrel-macos-arm64 | 1.1 | 42.00 | OK | |||
r-oldrel-macos-x86_64 | 1.1 | 79.00 | OK | |||
r-oldrel-windows-ix86+x86_64 | 1.1 | 26.00 | 132.00 | 158.00 | OK |
Version: 1.1
Check: for non-standard things in the check directory
Result: NOTE
Found the following files/directories:
'sample .nwk'
Flavors: r-devel-linux-x86_64-debian-clang, r-devel-linux-x86_64-debian-gcc, r-devel-linux-x86_64-fedora-clang, r-devel-linux-x86_64-fedora-gcc, r-patched-linux-x86_64, r-release-linux-x86_64