Last updated on 2022-08-15 08:49:55 CEST.
Flavor | Version | Tinstall | Tcheck | Ttotal | Status | Flags |
---|---|---|---|---|---|---|
r-devel-linux-x86_64-debian-clang | 2.3-6 | 13.58 | 187.10 | 200.68 | NOTE | |
r-devel-linux-x86_64-debian-gcc | 2.3-6 | 11.94 | 144.53 | 156.47 | NOTE | |
r-devel-linux-x86_64-fedora-clang | 2.3-6 | 262.92 | NOTE | |||
r-devel-linux-x86_64-fedora-gcc | 2.3-6 | 258.62 | NOTE | |||
r-devel-windows-x86_64 | 2.3-6 | 60.00 | 374.00 | 434.00 | NOTE | |
r-patched-linux-x86_64 | 2.3-6 | 16.86 | 181.12 | 197.98 | OK | |
r-release-linux-x86_64 | 2.3-6 | 11.75 | 181.18 | 192.93 | OK | |
r-release-macos-arm64 | 2.3-6 | 137.00 | OK | |||
r-release-macos-x86_64 | 2.3-6 | 182.00 | OK | |||
r-release-windows-x86_64 | 2.3-6 | 67.00 | 374.00 | 441.00 | OK | |
r-oldrel-macos-arm64 | 2.3-6 | 173.00 | OK | |||
r-oldrel-macos-x86_64 | 2.3-6 | 294.00 | OK | |||
r-oldrel-windows-ix86+x86_64 | 2.3-6 | 25.00 | 375.00 | 400.00 | OK |
Version: 2.3-6
Check: Rd files
Result: NOTE
checkRd: (-1) exams2blackboard.Rd:152: Escaped LaTeX specials: \&
checkRd: (-1) exams2qti12.Rd:186: Escaped LaTeX specials: \&
Flavors: r-devel-linux-x86_64-debian-clang, r-devel-linux-x86_64-debian-gcc, r-devel-linux-x86_64-fedora-clang, r-devel-linux-x86_64-fedora-gcc, r-devel-windows-x86_64